Last updated on 2024-03-12 07:50:07 CET.
Flavor | Version | Tinstall | Tcheck | Ttotal | Status | Flags |
---|---|---|---|---|---|---|
r-devel-linux-x86_64-debian-clang | 1.0-15 | 238.19 | 417.11 | 655.30 | OK | |
r-devel-linux-x86_64-debian-gcc | 1.0-15 | 196.73 | 317.25 | 513.98 | OK | |
r-devel-linux-x86_64-fedora-clang | 1.0-15 | 876.49 | NOTE | |||
r-devel-linux-x86_64-fedora-gcc | 1.0-15 | 936.25 | OK | |||
r-devel-windows-x86_64 | 1.0-15 | 209.00 | 795.00 | 1004.00 | NOTE | |
r-patched-linux-x86_64 | 1.0-15 | 251.56 | 404.19 | 655.75 | WARN | |
r-release-linux-x86_64 | 1.0-15 | 244.51 | 399.45 | 643.96 | WARN | |
r-release-macos-arm64 | 1.0-15 | 266.00 | NOTE | |||
r-release-macos-x86_64 | 1.0-15 | 470.00 | NOTE | |||
r-release-windows-x86_64 | 1.0-15 | 267.00 | 1008.00 | 1275.00 | WARN | |
r-oldrel-macos-arm64 | 1.0-15 | 273.00 | NOTE | |||
r-oldrel-windows-x86_64 | 1.0-15 | 279.00 | 891.00 | 1170.00 | WARN |
Version: 1.0-15
Check: installed package size
Result: NOTE
installed size is 7.5Mb
sub-directories of 1Mb or more:
doc 1.7Mb
libs 1.1Mb
sqlite 1.5Mb
Flavors: r-devel-linux-x86_64-fedora-clang, r-devel-windows-x86_64, r-release-macos-arm64, r-release-macos-x86_64, r-release-windows-x86_64, r-oldrel-macos-arm64, r-oldrel-windows-x86_64
Version: 1.0-15
Check: examples
Result: WARN
Found the following significant warnings:
Warning: 'lwgeom::st_perimeter' is deprecated.
Warning: 'lwgeom::st_perimeter' is deprecated.
Deprecated functions may be defunct as soon as of the next release of
R.
See ?Deprecated.
Examples with CPU (user + system) or elapsed time > 5s
user system elapsed
interpolate_aw 7.069 0.085 7.987
st_as_sf 5.911 0.238 8.303
Flavor: r-patched-linux-x86_64
Version: 1.0-15
Check: examples
Result: WARN
Found the following significant warnings:
Warning: 'lwgeom::st_perimeter' is deprecated.
Warning: 'lwgeom::st_perimeter' is deprecated.
Deprecated functions may be defunct as soon as of the next release of
R.
See ?Deprecated.
Examples with CPU (user + system) or elapsed time > 5s
user system elapsed
interpolate_aw 6.899 0.115 8.547
st_as_sf 5.774 0.301 7.521
Flavor: r-release-linux-x86_64
Version: 1.0-15
Check: examples
Result: WARN
Found the following significant warnings:
Warning: 'lwgeom::st_perimeter' is deprecated.
Warning: 'lwgeom::st_perimeter' is deprecated.
Deprecated functions may be defunct as soon as of the next release of
R.
See ?Deprecated.
Flavors: r-release-windows-x86_64, r-oldrel-windows-x86_64