Last updated on 2023-02-04 08:01:28 CET.
Flavor | Version | Tinstall | Tcheck | Ttotal | Status | Flags |
---|---|---|---|---|---|---|
r-devel-linux-x86_64-debian-clang | 0.2.1 | 38.76 | 123.54 | 162.30 | NOTE | |
r-devel-linux-x86_64-debian-gcc | 0.2.1 | 26.39 | 94.32 | 120.71 | NOTE | |
r-devel-linux-x86_64-fedora-clang | 0.2.1 | 213.12 | NOTE | |||
r-devel-linux-x86_64-fedora-gcc | 0.2.1 | 210.04 | NOTE | |||
r-devel-windows-x86_64 | 0.2.1 | 65.00 | 188.00 | 253.00 | NOTE | |
r-patched-linux-x86_64 | 0.2.1 | 23.29 | 115.94 | 139.23 | OK | |
r-release-linux-x86_64 | 0.2.1 | 26.99 | 119.64 | 146.63 | OK | |
r-release-macos-arm64 | 0.2.1 | 54.00 | OK | |||
r-release-macos-x86_64 | 0.2.1 | 92.00 | OK | |||
r-release-windows-x86_64 | 0.2.1 | 58.00 | 182.00 | 240.00 | OK | |
r-oldrel-macos-arm64 | 0.2.1 | 58.00 | OK | |||
r-oldrel-macos-x86_64 | 0.2.1 | 71.00 | OK | |||
r-oldrel-windows-ix86+x86_64 | 0.2.1 | 93.00 | 217.00 | 310.00 | OK |
Version: 0.2.1
Check: C++ specification
Result: NOTE
Specified C++11: please update to current default of C++17
Flavors: r-devel-linux-x86_64-debian-clang, r-devel-linux-x86_64-debian-gcc, r-devel-linux-x86_64-fedora-clang, r-devel-linux-x86_64-fedora-gcc, r-devel-windows-x86_64