Last updated on 2024-08-31 08:48:23 CEST.
Flavor | Version | Tinstall | Tcheck | Ttotal | Status | Flags |
---|---|---|---|---|---|---|
r-devel-linux-x86_64-debian-clang | 0.2.4 | 8.01 | 95.88 | 103.89 | NOTE | |
r-devel-linux-x86_64-debian-gcc | 0.2.4 | 5.66 | 67.94 | 73.60 | NOTE | |
r-devel-linux-x86_64-fedora-clang | 0.2.4 | 168.52 | OK | |||
r-devel-linux-x86_64-fedora-gcc | 0.2.4 | 160.37 | OK | |||
r-devel-windows-x86_64 | 0.2.4 | 11.00 | 124.00 | 135.00 | NOTE | |
r-patched-linux-x86_64 | 0.2.4 | 10.86 | 89.83 | 100.69 | OK | |
r-release-linux-x86_64 | 0.2.4 | 7.67 | 91.27 | 98.94 | OK | |
r-release-macos-arm64 | 0.2.4 | 46.00 | OK | |||
r-release-macos-x86_64 | 0.2.4 | 73.00 | OK | |||
r-release-windows-x86_64 | 0.2.4 | 12.00 | 131.00 | 143.00 | OK | |
r-oldrel-macos-arm64 | 0.2.4 | 60.00 | OK | |||
r-oldrel-macos-x86_64 | 0.2.4 | 128.00 | OK | |||
r-oldrel-windows-x86_64 | 0.2.4 | 13.00 | 150.00 | 163.00 | OK |
Version: 0.2.4
Check: Rd cross-references
Result: NOTE
Found the following Rd file(s) with Rd \link{} targets missing package
anchors:
as_spacetime.Rd: st_as_sf
Please provide package anchors for all Rd \link{} targets not in the
package itself and the base packages.
Flavors: r-devel-linux-x86_64-debian-clang, r-devel-linux-x86_64-debian-gcc, r-devel-windows-x86_64