Last updated on 2024-03-12 07:50:07 CET.
Flavor | Version | Tinstall | Tcheck | Ttotal | Status | Flags |
---|---|---|---|---|---|---|
r-devel-linux-x86_64-debian-clang | 1.1-17 | 8.84 | 81.55 | 90.39 | OK | |
r-devel-linux-x86_64-debian-gcc | 1.1-17 | 6.33 | 61.36 | 67.69 | OK | |
r-devel-linux-x86_64-fedora-clang | 1.1-17 | 117.82 | NOTE | |||
r-devel-linux-x86_64-fedora-gcc | 1.1-17 | 115.09 | OK | |||
r-devel-windows-x86_64 | 1.1-17 | 10.00 | 104.00 | 114.00 | OK | |
r-patched-linux-x86_64 | 1.1-17 | 10.84 | 78.66 | 89.50 | OK | |
r-release-linux-x86_64 | 1.1-17 | 8.50 | 79.18 | 87.68 | OK | |
r-release-macos-arm64 | 1.1-17 | 45.00 | OK | |||
r-release-macos-x86_64 | 1.1-17 | 122.00 | OK | |||
r-release-windows-x86_64 | 1.1-17 | 9.00 | 117.00 | 126.00 | OK | |
r-oldrel-macos-arm64 | 1.1-17 | 45.00 | OK | |||
r-oldrel-windows-x86_64 | 1.1-17 | 11.00 | 114.00 | 125.00 | OK |
Version: 1.1-17
Check: Rd cross-references
Result: NOTE
Undeclared packages ‘relevance’, ‘DescTools’ in Rd xrefs
Flavor: r-devel-linux-x86_64-fedora-clang