CRAN Package Check Results for Package shape

Last updated on 2021-05-14 09:51:07 CEST.

Flavor Version Tinstall Tcheck Ttotal Status Flags
r-devel-linux-x86_64-debian-clang 1.4.5 2.98 46.18 49.16 NOTE
r-devel-linux-x86_64-debian-gcc 1.4.5 2.44 36.64 39.08 NOTE
r-devel-linux-x86_64-fedora-clang 1.4.5 70.71 NOTE
r-devel-linux-x86_64-fedora-gcc 1.4.5 57.90 NOTE
r-devel-windows-ix86+x86_64 1.4.5 7.00 57.00 64.00 NOTE
r-devel-windows-x86_64-gcc10-UCRT 1.4.5 NOTE
r-patched-linux-x86_64 1.4.5 3.41 45.23 48.64 NOTE
r-patched-solaris-x86 1.4.5 80.00 NOTE
r-release-linux-x86_64 1.4.5 2.78 44.17 46.95 OK
r-release-macos-x86_64 1.4.5 OK
r-release-windows-ix86+x86_64 1.4.5 6.00 54.00 60.00 OK
r-oldrel-macos-x86_64 1.4.5 OK
r-oldrel-windows-ix86+x86_64 1.4.5 3.00 47.00 50.00 OK

Check Details

Version: 1.4.5
Check: LazyData
Result: NOTE
     'LazyData' is specified without a 'data' directory
Flavors: r-devel-linux-x86_64-debian-clang, r-devel-linux-x86_64-debian-gcc, r-devel-linux-x86_64-fedora-clang, r-devel-linux-x86_64-fedora-gcc, r-devel-windows-ix86+x86_64, r-devel-windows-x86_64-gcc10-UCRT, r-patched-linux-x86_64, r-patched-solaris-x86