Last updated on 2024-03-12 07:50:07 CET.
Flavor | Version | Tinstall | Tcheck | Ttotal | Status | Flags |
---|---|---|---|---|---|---|
r-devel-linux-x86_64-debian-clang | 0.2.1 | 5.55 | 44.65 | 50.20 | NOTE | |
r-devel-linux-x86_64-debian-gcc | 0.2.1 | 4.67 | 35.03 | 39.70 | NOTE | |
r-devel-linux-x86_64-fedora-clang | 0.2.1 | 63.90 | NOTE | |||
r-devel-linux-x86_64-fedora-gcc | 0.2.1 | 66.83 | NOTE | |||
r-devel-windows-x86_64 | 0.2.1 | 8.00 | 56.00 | 64.00 | NOTE | |
r-patched-linux-x86_64 | 0.2.1 | 3.41 | 43.57 | 46.98 | NOTE | |
r-release-linux-x86_64 | 0.2.1 | 3.52 | 44.24 | 47.76 | NOTE | |
r-release-macos-arm64 | 0.2.1 | 25.00 | NOTE | |||
r-release-macos-x86_64 | 0.2.1 | 34.00 | NOTE | |||
r-release-windows-x86_64 | 0.2.1 | 8.00 | 59.00 | 67.00 | NOTE | |
r-oldrel-macos-arm64 | 0.2.1 | 24.00 | OK | |||
r-oldrel-windows-x86_64 | 0.2.1 | 9.00 | 66.00 | 75.00 | OK |
Version: 0.2.1
Check: package subdirectories
Result: NOTE
Problems with news in ‘NEWS.md’:
No news entries found.
Flavors: r-devel-linux-x86_64-debian-clang, r-devel-linux-x86_64-debian-gcc, r-devel-linux-x86_64-fedora-clang, r-devel-linux-x86_64-fedora-gcc, r-devel-windows-x86_64, r-patched-linux-x86_64, r-release-linux-x86_64, r-release-macos-arm64, r-release-macos-x86_64, r-release-windows-x86_64