Last updated on 2024-04-25 08:00:07 CEST.
Flavor | Version | Tinstall | Tcheck | Ttotal | Status | Flags |
---|---|---|---|---|---|---|
r-devel-linux-x86_64-debian-clang | 1.1.0 | 6.37 | 35.45 | 41.82 | NOTE | |
r-devel-linux-x86_64-debian-gcc | 1.1.0 | 4.16 | 26.95 | 31.11 | NOTE | |
r-devel-linux-x86_64-fedora-clang | 1.1.0 | 51.70 | NOTE | |||
r-devel-linux-x86_64-fedora-gcc | 1.1.0 | 48.85 | NOTE | |||
r-devel-windows-x86_64 | 1.1.0 | 10.00 | 47.00 | 57.00 | NOTE | |
r-patched-linux-x86_64 | 1.1.0 | 5.78 | 34.52 | 40.30 | NOTE | |
r-release-linux-x86_64 | 1.1.0 | 6.74 | 34.75 | 41.49 | NOTE | |
r-release-macos-arm64 | 1.1.0 | 21.00 | NOTE | |||
r-release-windows-x86_64 | 1.1.0 | 10.00 | 48.00 | 58.00 | NOTE | |
r-oldrel-macos-arm64 | 1.1.0 | 23.00 | NOTE | |||
r-oldrel-macos-x86_64 | 1.1.0 | 31.00 | NOTE | |||
r-oldrel-windows-x86_64 | 1.1.0 | 12.00 | 47.00 | 59.00 | NOTE |
Version: 1.1.0
Check: package dependencies
Result: NOTE
Package suggested but not available for checking: ‘uchardet’
Flavors: r-devel-linux-x86_64-debian-clang, r-devel-linux-x86_64-debian-gcc, r-devel-linux-x86_64-fedora-clang, r-devel-linux-x86_64-fedora-gcc, r-patched-linux-x86_64, r-release-linux-x86_64, r-release-macos-arm64
Version: 1.1.0
Check: LazyData
Result: NOTE
'LazyData' is specified without a 'data' directory
Flavors: r-devel-linux-x86_64-debian-clang, r-devel-linux-x86_64-debian-gcc, r-devel-linux-x86_64-fedora-clang, r-devel-linux-x86_64-fedora-gcc, r-devel-windows-x86_64, r-patched-linux-x86_64, r-release-linux-x86_64, r-release-macos-arm64, r-release-windows-x86_64, r-oldrel-macos-arm64, r-oldrel-macos-x86_64, r-oldrel-windows-x86_64
Version: 1.1.0
Check: installed package size
Result: NOTE
installed size is 21.6Mb
sub-directories of 1Mb or more:
shinyApp 21.4Mb
Flavors: r-devel-linux-x86_64-fedora-clang, r-devel-windows-x86_64, r-release-macos-arm64, r-release-windows-x86_64, r-oldrel-macos-arm64, r-oldrel-macos-x86_64, r-oldrel-windows-x86_64