CRAN Package Check Results for Package shinydashboardPlus

Last updated on 2021-07-30 08:50:22 CEST.

Flavor Version Tinstall Tcheck Ttotal Status Flags
r-devel-linux-x86_64-debian-clang 2.0.2 OK
r-devel-linux-x86_64-debian-gcc 2.0.2 5.08 44.78 49.86 OK
r-devel-linux-x86_64-fedora-clang 2.0.2 86.05 OK
r-devel-linux-x86_64-fedora-gcc 2.0.2 77.91 OK
r-devel-windows-x86_64 2.0.2 9.00 84.00 93.00 OK
r-devel-windows-x86_64-gcc10-UCRT 2.0.1 NOTE
r-patched-linux-x86_64 2.0.2 OK
r-patched-solaris-x86 2.0.2 104.70 OK
r-release-linux-x86_64 2.0.2 6.20 56.07 62.27 OK
r-release-macos-arm64 2.0.2 OK
r-release-macos-x86_64 2.0.2 OK
r-release-windows-ix86+x86_64 2.0.2 16.00 84.00 100.00 OK
r-oldrel-macos-x86_64 2.0.2 OK
r-oldrel-windows-ix86+x86_64 2.0.2 11.00 82.00 93.00 OK

Check Details

Version: 2.0.1
Check: dependencies in R code
Result: NOTE
    Namespace in Imports field not imported from: 'lifecycle'
     All declared Imports should be used.
Flavor: r-devel-windows-x86_64-gcc10-UCRT