Last updated on 2024-04-19 08:54:55 CEST.
Flavor | Version | Tinstall | Tcheck | Ttotal | Status | Flags |
---|---|---|---|---|---|---|
r-devel-linux-x86_64-debian-clang | 0.1.1 | 1.84 | 20.93 | 22.77 | OK | |
r-devel-linux-x86_64-debian-gcc | 0.1.1 | OK | ||||
r-devel-linux-x86_64-fedora-clang | 0.1.1 | 29.38 | NOTE | |||
r-devel-linux-x86_64-fedora-gcc | 0.1.1 | 27.86 | NOTE | |||
r-prerel-macos-arm64 | 0.1.1 | 15.00 | OK | |||
r-prerel-windows-x86_64 | 0.1.1 | 4.00 | 38.00 | 42.00 | OK | |
r-patched-linux-x86_64 | 0.1.1 | 1.95 | 20.73 | 22.68 | OK | |
r-release-linux-x86_64 | 0.1.1 | 2.26 | 19.76 | 22.02 | OK | |
r-release-macos-arm64 | 0.1.1 | 20.00 | OK | |||
r-release-macos-x86_64 | 0.1.1 | 25.00 | OK | |||
r-release-windows-x86_64 | 0.1.1 | 4.00 | 37.00 | 41.00 | OK | |
r-oldrel-macos-arm64 | 0.1.1 | 18.00 | OK | |||
r-oldrel-windows-x86_64 | 0.1.1 | 4.00 | 41.00 | 45.00 | OK |
Version: 0.1.1
Check: dependencies in R code
Result: NOTE
Namespace in Imports field not imported from: ‘shiny’
All declared Imports should be used.
Flavors: r-devel-linux-x86_64-fedora-clang, r-devel-linux-x86_64-fedora-gcc