CRAN Package Check Results for Package shinyhelper

Last updated on 2024-06-21 08:54:34 CEST.

Flavor Version Tinstall Tcheck Ttotal Status Flags
r-devel-linux-x86_64-debian-clang 0.3.2 2.03 22.15 24.18 OK
r-devel-linux-x86_64-debian-gcc 0.3.2 1.79 17.34 19.13 OK
r-devel-linux-x86_64-fedora-clang 0.3.2 31.24 NOTE
r-devel-linux-x86_64-fedora-gcc 0.3.2 29.67 NOTE
r-devel-windows-x86_64 0.3.2 3.00 39.00 42.00 OK
r-patched-linux-x86_64 0.3.2 2.41 21.45 23.86 OK
r-release-linux-x86_64 0.3.2 1.36 21.60 22.96 OK
r-release-macos-arm64 0.3.2 16.00 OK
r-release-macos-x86_64 0.3.2 21.00 OK
r-release-windows-x86_64 0.3.2 3.00 44.00 47.00 OK
r-oldrel-macos-arm64 0.3.2 19.00 OK
r-oldrel-macos-x86_64 0.3.2 20.00 OK
r-oldrel-windows-x86_64 0.3.2 4.00 42.00 46.00 OK

Check Details

Version: 0.3.2
Check: dependencies in R code
Result: NOTE Namespace in Imports field not imported from: ‘markdown’ All declared Imports should be used. Flavors: r-devel-linux-x86_64-fedora-clang, r-devel-linux-x86_64-fedora-gcc