CRAN Package Check Results for Package shinyhttr

Last updated on 2024-06-15 08:49:49 CEST.

Flavor Version Tinstall Tcheck Ttotal Status Flags
r-devel-linux-x86_64-debian-clang 1.1.0 1.63 20.73 22.36 NOTE
r-devel-linux-x86_64-debian-gcc 1.1.0 1.70 16.58 18.28 NOTE
r-devel-linux-x86_64-fedora-clang 1.1.0 29.89 NOTE
r-devel-linux-x86_64-fedora-gcc 1.1.0 27.67 NOTE
r-devel-windows-x86_64 1.1.0 3.00 38.00 41.00 NOTE
r-patched-linux-x86_64 1.1.0 1.95 20.53 22.48 NOTE
r-release-linux-x86_64 1.1.0 1.88 20.69 22.57 NOTE
r-release-macos-arm64 1.1.0 14.00 NOTE
r-release-macos-x86_64 1.1.0 20.00 NOTE
r-release-windows-x86_64 1.1.0 4.00 39.00 43.00 NOTE
r-oldrel-macos-arm64 1.1.0 15.00 NOTE
r-oldrel-macos-x86_64 1.1.0 18.00 NOTE
r-oldrel-windows-x86_64 1.1.0 4.00 40.00 44.00 NOTE

Check Details

Version: 1.1.0
Check: LazyData
Result: NOTE 'LazyData' is specified without a 'data' directory Flavors: r-devel-linux-x86_64-debian-clang, r-devel-linux-x86_64-debian-gcc, r-devel-linux-x86_64-fedora-clang, r-devel-linux-x86_64-fedora-gcc, r-devel-windows-x86_64, r-patched-linux-x86_64, r-release-linux-x86_64, r-release-macos-arm64, r-release-macos-x86_64, r-release-windows-x86_64, r-oldrel-macos-arm64, r-oldrel-macos-x86_64, r-oldrel-windows-x86_64

Version: 1.1.0
Check: dependencies in R code
Result: NOTE Namespace in Imports field not imported from: ‘httr’ All declared Imports should be used. Flavors: r-devel-linux-x86_64-fedora-clang, r-devel-linux-x86_64-fedora-gcc