Last updated on 2024-03-12 07:50:07 CET.
Flavor | Version | Tinstall | Tcheck | Ttotal | Status | Flags |
---|---|---|---|---|---|---|
r-devel-linux-x86_64-debian-clang | 4.1.0 | 15.14 | 94.43 | 109.57 | NOTE | |
r-devel-linux-x86_64-debian-gcc | 4.1.0 | 11.32 | 72.71 | 84.03 | NOTE | |
r-devel-linux-x86_64-fedora-clang | 4.1.0 | 136.65 | NOTE | |||
r-devel-linux-x86_64-fedora-gcc | 4.1.0 | 141.49 | NOTE | |||
r-devel-windows-x86_64 | 4.1.0 | 15.00 | 100.00 | 115.00 | NOTE | |
r-patched-linux-x86_64 | 4.1.0 | 14.71 | 92.80 | 107.51 | OK | |
r-release-linux-x86_64 | 4.1.0 | 8.70 | 94.15 | 102.85 | OK | |
r-release-macos-arm64 | 4.1.0 | 41.00 | OK | |||
r-release-macos-x86_64 | 4.1.0 | 67.00 | OK | |||
r-release-windows-x86_64 | 4.1.0 | 18.00 | 109.00 | 127.00 | OK | |
r-oldrel-macos-arm64 | 4.1.0 | 40.00 | OK | |||
r-oldrel-windows-x86_64 | 4.1.0 | 19.00 | 119.00 | 138.00 | OK |
Version: 4.1.0
Check: Rd files
Result: NOTE
checkRd: (-1) pop.dist.Rd:41: Lost braces; missing escapes or markup?
41 | where \emph{dist(i,j)} represents the distance between populations \emph{i} and \emph{j}, \emph{m} and \emph{n} are the number of sequences in populations \emph{i} and \emph{j}, respectively, and \emph{dist(H_{ki},H_{lj})} is the distance between the \emph{k-th} sequence found in population \emph{i} and the \emph{l-th} sequence found in population \emph{j}.
| ^
checkRd: (-1) pop.dist.Rd:41: Lost braces; missing escapes or markup?
41 | where \emph{dist(i,j)} represents the distance between populations \emph{i} and \emph{j}, \emph{m} and \emph{n} are the number of sequences in populations \emph{i} and \emph{j}, respectively, and \emph{dist(H_{ki},H_{lj})} is the distance between the \emph{k-th} sequence found in population \emph{i} and the \emph{l-th} sequence found in population \emph{j}.
| ^
Flavors: r-devel-linux-x86_64-debian-clang, r-devel-linux-x86_64-debian-gcc, r-devel-linux-x86_64-fedora-clang, r-devel-linux-x86_64-fedora-gcc, r-devel-windows-x86_64