Last updated on 2024-03-12 07:50:07 CET.
Flavor | Version | Tinstall | Tcheck | Ttotal | Status | Flags |
---|---|---|---|---|---|---|
r-devel-linux-x86_64-debian-clang | 0.1.23 | 8.29 | 60.36 | 68.65 | OK | |
r-devel-linux-x86_64-debian-gcc | 0.1.23 | 5.61 | 47.96 | 53.57 | OK | |
r-devel-linux-x86_64-fedora-clang | 0.1.23 | 88.95 | NOTE | |||
r-devel-linux-x86_64-fedora-gcc | 0.1.23 | 98.12 | NOTE | |||
r-devel-windows-x86_64 | 0.1.23 | 9.00 | 66.00 | 75.00 | OK | |
r-patched-linux-x86_64 | 0.1.23 | 4.75 | 61.58 | 66.33 | OK | |
r-release-linux-x86_64 | 0.1.23 | 4.65 | 60.19 | 64.84 | OK | |
r-release-macos-arm64 | 0.1.23 | 10.00 | ERROR | |||
r-release-macos-x86_64 | 0.1.23 | 6.00 | ERROR | |||
r-release-windows-x86_64 | 0.1.23 | 10.00 | 71.00 | 81.00 | OK | |
r-oldrel-macos-arm64 | 0.1.23 | 31.00 | OK | |||
r-oldrel-windows-x86_64 | 0.1.23 | 10.00 | 77.00 | 87.00 | OK |
Version: 0.1.23
Check: dependencies in R code
Result: NOTE
Namespaces in Imports field not imported from:
‘KernSmooth’ ‘MASS’ ‘class’ ‘cluster’ ‘lattice’ ‘nnet’
All declared Imports should be used.
Flavors: r-devel-linux-x86_64-fedora-clang, r-devel-linux-x86_64-fedora-gcc
Version: 0.1.23
Check: package dependencies
Result: ERROR
Package required but not available: ‘GSVA’
See section ‘The DESCRIPTION file’ in the ‘Writing R Extensions’
manual.
Flavors: r-release-macos-arm64, r-release-macos-x86_64