Last updated on 2024-03-12 07:50:07 CET.
Flavor | Version | Tinstall | Tcheck | Ttotal | Status | Flags |
---|---|---|---|---|---|---|
r-devel-linux-x86_64-debian-clang | 2.3.0 | 55.39 | 249.89 | 305.28 | OK | |
r-devel-linux-x86_64-debian-gcc | 2.3.0 | 45.06 | 192.00 | 237.06 | OK | |
r-devel-linux-x86_64-fedora-clang | 2.3.0 | 392.60 | OK | |||
r-devel-linux-x86_64-fedora-gcc | 2.3.0 | 307.84 | OK | |||
r-devel-windows-x86_64 | 2.3.0 | 48.00 | 232.00 | 280.00 | NOTE | |
r-patched-linux-x86_64 | 2.3.0 | 48.50 | 255.35 | 303.85 | OK | |
r-release-linux-x86_64 | 2.3.0 | 45.95 | 248.93 | 294.88 | OK | |
r-release-macos-arm64 | 2.3.0 | 77.00 | NOTE | |||
r-release-macos-x86_64 | 2.3.0 | 116.00 | NOTE | |||
r-release-windows-x86_64 | 2.3.0 | 61.00 | 293.00 | 354.00 | NOTE | |
r-oldrel-macos-arm64 | 2.3.0 | 77.00 | NOTE | |||
r-oldrel-windows-x86_64 | 2.3.0 | 63.00 | 269.00 | 332.00 | NOTE |
Version: 2.3.0
Check: installed package size
Result: NOTE
installed size is 5.7Mb
sub-directories of 1Mb or more:
extdata 1.0Mb
help 1.7Mb
libs 1.0Mb
Flavors: r-devel-windows-x86_64, r-release-macos-arm64, r-release-macos-x86_64, r-release-windows-x86_64, r-oldrel-macos-arm64, r-oldrel-windows-x86_64
Version: 2.3.0
Check: package dependencies
Result: NOTE
Package suggested but not available for checking: ‘BSgenome.Hsapiens.UCSC.hg19’
Flavors: r-release-macos-arm64, r-release-macos-x86_64, r-oldrel-macos-arm64