CRAN Package Check Results for Package signal

Last updated on 2021-06-13 08:49:33 CEST.

Flavor Version Tinstall Tcheck Ttotal Status Flags
r-devel-linux-x86_64-debian-clang 0.7-7 6.68 43.52 50.20 OK
r-devel-linux-x86_64-debian-gcc 0.7-7 5.17 33.81 38.98 OK
r-devel-linux-x86_64-fedora-clang 0.7-7 69.68 NOTE
r-devel-linux-x86_64-fedora-gcc 0.7-7 60.09 NOTE
r-devel-windows-x86_64 0.7-7 12.00 50.00 62.00 OK
r-devel-windows-x86_64-gcc10-UCRT 0.7-7 OK
r-patched-linux-x86_64 0.7-7 7.08 42.39 49.47 OK
r-patched-solaris-x86 0.7-7 83.10 OK
r-release-linux-x86_64 0.7-7 5.84 42.52 48.36 OK
r-release-macos-arm64 0.7-7 OK
r-release-macos-x86_64 0.7-7 OK
r-release-windows-ix86+x86_64 0.7-7 12.00 74.00 86.00 OK
r-oldrel-macos-x86_64 0.7-7 OK
r-oldrel-windows-ix86+x86_64 0.7-7 13.00 75.00 88.00 OK

Check Details

Version: 0.7-7
Check: compiled code
Result: NOTE
    File ‘signal/libs/signal.so’:
     Found no calls to: ‘R_registerRoutines’, ‘R_useDynamicSymbols’
    
    It is good practice to register native routines and to disable symbol
    search.
    
    See ‘Writing portable packages’ in the ‘Writing R Extensions’ manual.
Flavors: r-devel-linux-x86_64-fedora-clang, r-devel-linux-x86_64-fedora-gcc