Last updated on 2023-01-31 07:54:25 CET.
Flavor | Version | Tinstall | Tcheck | Ttotal | Status | Flags |
---|---|---|---|---|---|---|
r-devel-linux-x86_64-debian-clang | 0.1.0 | 10.04 | 144.76 | 154.80 | NOTE | |
r-devel-linux-x86_64-debian-gcc | 0.1.0 | 8.08 | 100.45 | 108.53 | NOTE | |
r-devel-linux-x86_64-fedora-clang | 0.1.0 | 183.39 | NOTE | |||
r-devel-linux-x86_64-fedora-gcc | 0.1.0 | 178.59 | NOTE | |||
r-devel-windows-x86_64 | 0.1.0 | 15.00 | 165.00 | 180.00 | NOTE | |
r-patched-linux-x86_64 | 0.1.0 | 10.99 | 130.83 | 141.82 | NOTE | |
r-release-linux-x86_64 | 0.1.0 | 9.40 | 132.02 | 141.42 | NOTE | |
r-release-macos-arm64 | 0.1.0 | 35.00 | NOTE | |||
r-release-macos-x86_64 | 0.1.0 | 77.00 | NOTE | |||
r-release-windows-x86_64 | 0.1.0 | 32.00 | 165.00 | 197.00 | NOTE | |
r-oldrel-macos-arm64 | 0.1.0 | 54.00 | NOTE | |||
r-oldrel-macos-x86_64 | 0.1.0 | 67.00 | NOTE | |||
r-oldrel-windows-ix86+x86_64 | 0.1.0 | 24.00 | 167.00 | 191.00 | NOTE |
Version: 0.1.0
Check: Rd files
Result: NOTE
checkRd: (-1) chol_s2Dp.Rd:147: Escaped LaTeX specials: \&
checkRd: (-1) chol_s2Dp.Rd:149: Escaped LaTeX specials: \&
checkRd: (-1) precision_builder.Rd:87: Escaped LaTeX specials: \&
checkRd: (-1) sim2D_RandSet_HPPP.Rd:93: Escaped LaTeX specials: \&
checkRd: (-1) sim2D_binarymap.Rd:157: Escaped LaTeX specials: \&
checkRd: (-1) sim_MVN_X.Rd:140: Escaped LaTeX specials: \&
checkRd: (-1) sim_Y_Binary_X.Rd:221: Escaped LaTeX specials: \&
checkRd: (-1) sim_Y_Binary_X.Rd:223: Escaped LaTeX specials: \&
checkRd: (-1) sim_Y_MVN_X.Rd:213: Escaped LaTeX specials: \&
Flavors: r-devel-linux-x86_64-debian-clang, r-devel-linux-x86_64-debian-gcc, r-devel-linux-x86_64-fedora-clang, r-devel-linux-x86_64-fedora-gcc, r-devel-windows-x86_64
Version: 0.1.0
Check: LazyData
Result: NOTE
'LazyData' is specified without a 'data' directory
Flavors: r-devel-linux-x86_64-debian-clang, r-devel-linux-x86_64-debian-gcc, r-devel-linux-x86_64-fedora-clang, r-devel-linux-x86_64-fedora-gcc, r-devel-windows-x86_64, r-patched-linux-x86_64, r-release-linux-x86_64, r-release-macos-arm64, r-release-macos-x86_64, r-release-windows-x86_64, r-oldrel-macos-arm64, r-oldrel-macos-x86_64, r-oldrel-windows-ix86+x86_64
Version: 0.1.0
Check: dependencies in R code
Result: NOTE
Namespaces in Imports field not imported from:
‘car’ ‘ggplot2’ ‘magrittr’ ‘tidyverse’
All declared Imports should be used.
Flavors: r-devel-linux-x86_64-fedora-clang, r-devel-linux-x86_64-fedora-gcc, r-release-macos-arm64, r-release-macos-x86_64, r-oldrel-macos-arm64, r-oldrel-macos-x86_64