CRAN Package Check Results for Package simPATHy

Last updated on 2021-05-14 09:51:08 CEST.

Flavor Version Tinstall Tcheck Ttotal Status Flags
r-devel-linux-x86_64-debian-clang 0.4 4.60 77.48 82.08 OK
r-devel-linux-x86_64-debian-gcc 0.4 3.39 60.42 63.81 OK
r-devel-linux-x86_64-fedora-clang 0.4 110.48 WARN
r-devel-linux-x86_64-fedora-gcc 0.4 103.38 OK
r-devel-windows-ix86+x86_64 0.4 13.00 65.00 78.00 WARN
r-devel-windows-x86_64-gcc10-UCRT 0.4 ERROR
r-patched-linux-x86_64 0.4 4.61 74.34 78.95 OK
r-patched-solaris-x86 0.4 142.70 NOTE
r-release-linux-x86_64 0.4 4.38 75.60 79.98 OK
r-release-macos-x86_64 0.4 ERROR
r-release-windows-ix86+x86_64 0.4 9.00 110.00 119.00 OK
r-oldrel-macos-x86_64 0.4 WARN
r-oldrel-windows-ix86+x86_64 0.4 6.00 98.00 104.00 OK

Check Details

Version: 0.4
Check: package dependencies
Result: NOTE
    Package suggested but not available for checking: ‘clipper’
Flavor: r-devel-linux-x86_64-fedora-clang

Version: 0.4
Check: re-building of vignette outputs
Result: WARN
    Error(s) in re-building vignettes:
    --- re-building ‘simPATHy.Rmd’ using rmarkdown
    Quitting from lines 263-269 (simPATHy.Rmd)
    Error: processing vignette 'simPATHy.Rmd' failed with diagnostics:
    there is no package called 'clipper'
    --- failed re-building ‘simPATHy.Rmd’
    
    SUMMARY: processing the following file failed:
     ‘simPATHy.Rmd’
    
    Error: Vignette re-building failed.
    Execution halted
Flavor: r-devel-linux-x86_64-fedora-clang

Version: 0.4
Check: re-building of vignette outputs
Result: WARN
    Error(s) in re-building vignettes:
    --- re-building 'simPATHy.Rmd' using rmarkdown
    Quitting from lines 252-258 (simPATHy.Rmd)
    Error: processing vignette 'simPATHy.Rmd' failed with diagnostics:
    package or namespace load failed for 'topologyGSA' in loadNamespace(j <- i[[1L]], c(lib.loc, .libPaths()), versionCheck = vI[[j]]):
     namespace 'rtracklayer' 1.48.0 is being loaded, but >= 1.51.5 is required
    --- failed re-building 'simPATHy.Rmd'
    
    SUMMARY: processing the following file failed:
     'simPATHy.Rmd'
    
    Error: Vignette re-building failed.
    Execution halted
Flavor: r-devel-windows-ix86+x86_64

Version: 0.4
Check: package dependencies
Result: ERROR
    Packages required but not available: 'gRbase', 'qpgraph'
    
    Packages suggested but not available for checking: 'clipper', 'topologyGSA'
    
    See section 'The DESCRIPTION file' in the 'Writing R Extensions'
    manual.
Flavor: r-devel-windows-x86_64-gcc10-UCRT

Version: 0.4
Check: installed package size
Result: NOTE
     installed size is 5.1Mb
     sub-directories of 1Mb or more:
     data 2.0Mb
     doc 2.7Mb
Flavor: r-patched-solaris-x86

Version: 0.4
Check: package dependencies
Result: ERROR
    Package required but not available: ‘qpgraph’
    
    Packages suggested but not available for checking: 'clipper', 'topologyGSA'
    
    See section ‘The DESCRIPTION file’ in the ‘Writing R Extensions’
    manual.
Flavor: r-release-macos-x86_64

Version: 0.4
Check: package dependencies
Result: NOTE
    Package suggested but not available for checking: ‘topologyGSA’
Flavor: r-oldrel-macos-x86_64

Version: 0.4
Check: re-building of vignette outputs
Result: WARN
    Error(s) in re-building vignettes:
     ...
    --- re-building ‘simPATHy.Rmd’ using rmarkdown
    Warning in engine$weave(file, quiet = quiet, encoding = enc) :
     Pandoc (>= 1.12.3) and/or pandoc-citeproc not available. Falling back to R Markdown v1.
    Quitting from lines 252-258 (simPATHy.Rmd)
    Error: processing vignette 'simPATHy.Rmd' failed with diagnostics:
    there is no package called 'topologyGSA'
    --- failed re-building ‘simPATHy.Rmd’
    
    SUMMARY: processing the following file failed:
     ‘simPATHy.Rmd’
    
    Error: Vignette re-building failed.
    Execution halted
Flavor: r-oldrel-macos-x86_64