CRAN Package Check Results for Package simmer

Last updated on 2021-05-10 08:49:26 CEST.

Flavor Version Tinstall Tcheck Ttotal Status Flags
r-devel-linux-x86_64-debian-clang 4.4.2 127.06 114.11 241.17 OK
r-devel-linux-x86_64-debian-gcc 4.4.2 95.45 86.75 182.20 OK
r-devel-linux-x86_64-fedora-clang 4.4.2 332.48 NOTE
r-devel-linux-x86_64-fedora-gcc 4.4.2 324.12 OK
r-devel-windows-ix86+x86_64 4.4.2 246.00 185.00 431.00 NOTE
r-devel-windows-x86_64-gcc10-UCRT 4.4.2 OK
r-patched-linux-x86_64 4.4.2 115.02 110.37 225.39 OK
r-patched-solaris-x86 4.4.2 317.50 OK
r-release-linux-x86_64 4.4.2 116.44 109.90 226.34 OK
r-release-macos-x86_64 4.4.2 NOTE
r-release-windows-ix86+x86_64 4.4.2 245.00 143.00 388.00 NOTE
r-oldrel-macos-x86_64 4.4.2 NOTE
r-oldrel-windows-ix86+x86_64 4.4.2 280.00 187.00 467.00 NOTE

Check Details

Version: 4.4.2
Check: installed package size
Result: NOTE
     installed size is 12.4Mb
     sub-directories of 1Mb or more:
     doc 1.8Mb
     libs 10.1Mb
Flavors: r-devel-linux-x86_64-fedora-clang, r-devel-windows-ix86+x86_64, r-release-macos-x86_64, r-release-windows-ix86+x86_64, r-oldrel-macos-x86_64, r-oldrel-windows-ix86+x86_64