CRAN Package Check Results for Package simplexreg

Last updated on 2021-07-29 09:53:43 CEST.

Flavor Version Tinstall Tcheck Ttotal Status Flags
r-devel-linux-x86_64-debian-clang 1.3 OK
r-devel-linux-x86_64-debian-gcc 1.3 3.99 30.97 34.96 OK
r-devel-linux-x86_64-fedora-clang 1.3 65.43 NOTE
r-devel-linux-x86_64-fedora-gcc 1.3 55.05 NOTE
r-devel-windows-x86_64 1.3 9.00 60.00 69.00 OK
r-devel-windows-x86_64-gcc10-UCRT 1.3 OK
r-patched-linux-x86_64 1.3 5.64 39.73 45.37 OK
r-patched-solaris-x86 1.3 79.20 OK
r-release-linux-x86_64 1.3 5.10 39.22 44.32 OK
r-release-macos-arm64 1.3 OK
r-release-macos-x86_64 1.3 OK
r-release-windows-ix86+x86_64 1.3 10.00 67.00 77.00 OK
r-oldrel-macos-x86_64 1.3 OK
r-oldrel-windows-ix86+x86_64 1.3 13.00 54.00 67.00 OK

Check Details

Version: 1.3
Check: compiled code
Result: NOTE
    File ‘simplexreg/libs/simplexreg.so’:
     Found no calls to: ‘R_registerRoutines’, ‘R_useDynamicSymbols’
    
    It is good practice to register native routines and to disable symbol
    search.
    
    See ‘Writing portable packages’ in the ‘Writing R Extensions’ manual.
Flavors: r-devel-linux-x86_64-fedora-clang, r-devel-linux-x86_64-fedora-gcc