CRAN Package Check Results for Package simsalapar

Last updated on 2021-07-26 09:54:23 CEST.

Flavor Version Tinstall Tcheck Ttotal Status Flags
r-devel-linux-x86_64-debian-clang 1.0-10 6.44 42.96 49.40 NOTE --no-tests
r-devel-linux-x86_64-debian-gcc 1.0-10 5.03 33.63 38.66 NOTE --no-tests
r-devel-linux-x86_64-fedora-clang 1.0-10 116.75 NOTE
r-devel-linux-x86_64-fedora-gcc 1.0-10 108.06 NOTE
r-devel-windows-x86_64 1.0-10 12.00 139.00 151.00 OK
r-devel-windows-x86_64-gcc10-UCRT 1.0-10 OK --no-tests
r-patched-linux-x86_64 1.0-10 8.70 42.22 50.92 NOTE --no-tests
r-patched-solaris-x86 1.0-10 311.60 NOTE
r-release-linux-x86_64 1.0-10 4.99 41.91 46.90 NOTE --no-tests
r-release-macos-arm64 1.0-10 NOTE
r-release-macos-x86_64 1.0-10 NOTE
r-release-windows-ix86+x86_64 1.0-10 13.00 100.00 113.00 OK
r-oldrel-macos-x86_64 1.0-10 NOTE
r-oldrel-windows-ix86+x86_64 1.0-10 11.00 129.00 140.00 OK

Check Details

Version: 1.0-10
Flags: --no-tests
Check: for non-standard things in the check directory
Result: NOTE
    Found the following files/directories:
     'crop_device.pdf'
Flavors: r-devel-linux-x86_64-debian-clang, r-devel-linux-x86_64-debian-gcc, r-patched-linux-x86_64, r-release-linux-x86_64

Version: 1.0-10
Check: for non-standard things in the check directory
Result: NOTE
    Found the following files/directories:
     ‘crop_device.pdf’
Flavors: r-devel-linux-x86_64-fedora-clang, r-devel-linux-x86_64-fedora-gcc, r-patched-solaris-x86

Version: 1.0-10
Check: package dependencies
Result: NOTE
    Package suggested but not available for checking: ‘Rmpi’
Flavors: r-release-macos-arm64, r-release-macos-x86_64, r-oldrel-macos-x86_64

Version: 1.0-10
Check: Rd cross-references
Result: NOTE
    Package unavailable to check Rd xrefs: ‘Rmpi’
Flavors: r-release-macos-arm64, r-release-macos-x86_64, r-oldrel-macos-x86_64