CRAN Package Check Results for Package simts

Last updated on 2024-05-17 08:54:22 CEST.

Flavor Version Tinstall Tcheck Ttotal Status Flags
r-devel-linux-x86_64-debian-clang 0.2.2 557.48 171.17 728.65 NOTE
r-devel-linux-x86_64-debian-gcc 0.2.2 411.33 123.97 535.30 NOTE
r-devel-linux-x86_64-fedora-clang 0.2.2 1059.95 NOTE
r-devel-linux-x86_64-fedora-gcc 0.2.2 1170.59 NOTE
r-devel-windows-x86_64 0.2.2 417.00 189.00 606.00 NOTE
r-patched-linux-x86_64 0.2.2 404.43 163.29 567.72 NOTE
r-release-linux-x86_64 0.2.2 409.06 160.38 569.44 NOTE
r-release-macos-arm64 0.2.2 175.00 NOTE
r-release-windows-x86_64 0.2.2 419.00 181.00 600.00 NOTE
r-oldrel-macos-arm64 0.2.2 183.00 NOTE
r-oldrel-macos-x86_64 0.2.2 184.00 NOTE
r-oldrel-windows-x86_64 0.2.2 517.00 220.00 737.00 OK

Check Details

Version: 0.2.2
Check: Rd files
Result: NOTE checkRd: (-1) batch_modwt_wvar_cpp.Rd:36: Lost braces in \itemize; \value handles \item{}{} directly checkRd: (-1) batch_modwt_wvar_cpp.Rd:37: Lost braces in \itemize; \value handles \item{}{} directly checkRd: (-1) batch_modwt_wvar_cpp.Rd:38: Lost braces in \itemize; \value handles \item{}{} directly checkRd: (-1) bl14_filter.Rd:12: Lost braces in \itemize; \value handles \item{}{} directly checkRd: (-1) bl14_filter.Rd:13: Lost braces in \itemize; \value handles \item{}{} directly checkRd: (-1) bl14_filter.Rd:14: Lost braces in \itemize; \value handles \item{}{} directly checkRd: (-1) bl20_filter.Rd:12: Lost braces in \itemize; \value handles \item{}{} directly checkRd: (-1) bl20_filter.Rd:13: Lost braces in \itemize; \value handles \item{}{} directly checkRd: (-1) bl20_filter.Rd:14: Lost braces in \itemize; \value handles \item{}{} directly checkRd: (-1) ci_eta3.Rd:19: Lost braces in \itemize; \value handles \item{}{} directly checkRd: (-1) ci_eta3.Rd:20: Lost braces in \itemize; \value handles \item{}{} directly checkRd: (-1) ci_eta3.Rd:21: Lost braces in \itemize; \value handles \item{}{} directly checkRd: (-1) ci_eta3_robust.Rd:21: Lost braces in \itemize; \value handles \item{}{} directly checkRd: (-1) ci_eta3_robust.Rd:22: Lost braces in \itemize; \value handles \item{}{} directly checkRd: (-1) ci_eta3_robust.Rd:23: Lost braces in \itemize; \value handles \item{}{} directly checkRd: (-1) ci_wave_variance.Rd:32: Lost braces in \itemize; \value handles \item{}{} directly checkRd: (-1) ci_wave_variance.Rd:33: Lost braces in \itemize; \value handles \item{}{} directly checkRd: (-1) ci_wave_variance.Rd:34: Lost braces in \itemize; \value handles \item{}{} directly checkRd: (-1) d16_filter.Rd:12: Lost braces in \itemize; \value handles \item{}{} directly checkRd: (-1) d16_filter.Rd:13: Lost braces in \itemize; \value handles \item{}{} directly checkRd: (-1) d16_filter.Rd:14: Lost braces in \itemize; \value handles \item{}{} directly checkRd: (-1) d4_filter.Rd:12: Lost braces in \itemize; \value handles \item{}{} directly checkRd: (-1) d4_filter.Rd:13: Lost braces in \itemize; \value handles \item{}{} directly checkRd: (-1) d4_filter.Rd:14: Lost braces in \itemize; \value handles \item{}{} directly checkRd: (-1) d6_filter.Rd:12: Lost braces in \itemize; \value handles \item{}{} directly checkRd: (-1) d6_filter.Rd:13: Lost braces in \itemize; \value handles \item{}{} directly checkRd: (-1) d6_filter.Rd:14: Lost braces in \itemize; \value handles \item{}{} directly checkRd: (-1) d8_filter.Rd:12: Lost braces in \itemize; \value handles \item{}{} directly checkRd: (-1) d8_filter.Rd:13: Lost braces in \itemize; \value handles \item{}{} directly checkRd: (-1) d8_filter.Rd:14: Lost braces in \itemize; \value handles \item{}{} directly checkRd: (-1) fk14_filter.Rd:12: Lost braces in \itemize; \value handles \item{}{} directly checkRd: (-1) fk14_filter.Rd:13: Lost braces in \itemize; \value handles \item{}{} directly checkRd: (-1) fk14_filter.Rd:14: Lost braces in \itemize; \value handles \item{}{} directly checkRd: (-1) fk22_filter.Rd:12: Lost braces in \itemize; \value handles \item{}{} directly checkRd: (-1) fk22_filter.Rd:13: Lost braces in \itemize; \value handles \item{}{} directly checkRd: (-1) fk22_filter.Rd:14: Lost braces in \itemize; \value handles \item{}{} directly checkRd: (-1) fk4_filter.Rd:12: Lost braces in \itemize; \value handles \item{}{} directly checkRd: (-1) fk4_filter.Rd:13: Lost braces in \itemize; \value handles \item{}{} directly checkRd: (-1) fk4_filter.Rd:14: Lost braces in \itemize; \value handles \item{}{} directly checkRd: (-1) fk6_filter.Rd:12: Lost braces in \itemize; \value handles \item{}{} directly checkRd: (-1) fk6_filter.Rd:13: Lost braces in \itemize; \value handles \item{}{} directly checkRd: (-1) fk6_filter.Rd:14: Lost braces in \itemize; \value handles \item{}{} directly checkRd: (-1) fk8_filter.Rd:12: Lost braces in \itemize; \value handles \item{}{} directly checkRd: (-1) fk8_filter.Rd:13: Lost braces in \itemize; \value handles \item{}{} directly checkRd: (-1) fk8_filter.Rd:14: Lost braces in \itemize; \value handles \item{}{} directly checkRd: (-1) gmwm_engine.Rd:45: Lost braces in \itemize; meant \describe ? checkRd: (-1) gmwm_engine.Rd:46: Lost braces in \itemize; meant \describe ? checkRd: (-1) gmwm_engine.Rd:47: Lost braces in \itemize; meant \describe ? checkRd: (-1) gmwm_engine.Rd:48: Lost braces in \itemize; meant \describe ? checkRd: (-1) gmwm_engine.Rd:49: Lost braces in \itemize; meant \describe ? checkRd: (-1) gmwm_engine.Rd:50: Lost braces in \itemize; meant \describe ? checkRd: (-1) gmwm_imu.Rd:25: Lost braces in \itemize; \value handles \item{}{} directly checkRd: (-1) gmwm_imu.Rd:26: Lost braces in \itemize; \value handles \item{}{} directly checkRd: (-1) gmwm_imu.Rd:27: Lost braces in \itemize; \value handles \item{}{} directly checkRd: (-1) gmwm_imu.Rd:28: Lost braces in \itemize; \value handles \item{}{} directly checkRd: (-1) gmwm_imu.Rd:29: Lost braces in \itemize; \value handles \item{}{} directly checkRd: (-1) gmwm_imu.Rd:30: Lost braces in \itemize; \value handles \item{}{} directly checkRd: (-1) gmwm_imu.Rd:31: Lost braces in \itemize; \value handles \item{}{} directly checkRd: (-1) gmwm_imu.Rd:32: Lost braces in \itemize; \value handles \item{}{} directly checkRd: (-1) gmwm_imu.Rd:33: Lost braces in \itemize; \value handles \item{}{} directly checkRd: (-1) gmwm_imu.Rd:34: Lost braces in \itemize; \value handles \item{}{} directly checkRd: (-1) gmwm_imu.Rd:35: Lost braces in \itemize; \value handles \item{}{} directly checkRd: (-1) gmwm_imu.Rd:36: Lost braces in \itemize; \value handles \item{}{} directly checkRd: (-1) gmwm_imu.Rd:37: Lost braces in \itemize; \value handles \item{}{} directly checkRd: (-1) gmwm_imu.Rd:38: Lost braces in \itemize; \value handles \item{}{} directly checkRd: (-1) gmwm_imu.Rd:39: Lost braces in \itemize; \value handles \item{}{} directly checkRd: (-1) gmwm_imu.Rd:40: Lost braces in \itemize; \value handles \item{}{} directly checkRd: (-1) gmwm_imu.Rd:41: Lost braces in \itemize; \value handles \item{}{} directly checkRd: (-1) gmwm_imu.Rd:42: Lost braces in \itemize; \value handles \item{}{} directly checkRd: (-1) gmwm_imu.Rd:43: Lost braces in \itemize; \value handles \item{}{} directly checkRd: (-1) gmwm_imu.Rd:44: Lost braces in \itemize; \value handles \item{}{} directly checkRd: (-1) gmwm_imu.Rd:45: Lost braces in \itemize; \value handles \item{}{} directly checkRd: (-1) gmwm_imu.Rd:46: Lost braces in \itemize; \value handles \item{}{} directly checkRd: (-1) gmwm_imu.Rd:47: Lost braces in \itemize; \value handles \item{}{} directly checkRd: (-1) gmwm_imu.Rd:48: Lost braces in \itemize; \value handles \item{}{} directly checkRd: (-1) gmwm_imu.Rd:49: Lost braces in \itemize; \value handles \item{}{} directly checkRd: (-1) gmwm_imu.Rd:50: Lost braces in \itemize; \value handles \item{}{} directly checkRd: (-1) gmwm_imu.Rd:51: Lost braces in \itemize; \value handles \item{}{} directly checkRd: (-1) gmwm_imu.Rd:52: Lost braces in \itemize; \value handles \item{}{} directly checkRd: (-1) haar_filter.Rd:12: Lost braces in \itemize; \value handles \item{}{} directly checkRd: (-1) haar_filter.Rd:13: Lost braces in \itemize; \value handles \item{}{} directly checkRd: (-1) haar_filter.Rd:14: Lost braces in \itemize; \value handles \item{}{} directly checkRd: (-1) la16_filter.Rd:12: Lost braces in \itemize; \value handles \item{}{} directly checkRd: (-1) la16_filter.Rd:13: Lost braces in \itemize; \value handles \item{}{} directly checkRd: (-1) la16_filter.Rd:14: Lost braces in \itemize; \value handles \item{}{} directly checkRd: (-1) la20_filter.Rd:12: Lost braces in \itemize; \value handles \item{}{} directly checkRd: (-1) la20_filter.Rd:13: Lost braces in \itemize; \value handles \item{}{} directly checkRd: (-1) la20_filter.Rd:14: Lost braces in \itemize; \value handles \item{}{} directly checkRd: (-1) la8_filter.Rd:12: Lost braces in \itemize; \value handles \item{}{} directly checkRd: (-1) la8_filter.Rd:13: Lost braces in \itemize; \value handles \item{}{} directly checkRd: (-1) la8_filter.Rd:14: Lost braces in \itemize; \value handles \item{}{} directly checkRd: (-1) mb16_filter.Rd:12: Lost braces in \itemize; \value handles \item{}{} directly checkRd: (-1) mb16_filter.Rd:13: Lost braces in \itemize; \value handles \item{}{} directly checkRd: (-1) mb16_filter.Rd:14: Lost braces in \itemize; \value handles \item{}{} directly checkRd: (-1) mb24_filter.Rd:12: Lost braces in \itemize; \value handles \item{}{} directly checkRd: (-1) mb24_filter.Rd:13: Lost braces in \itemize; \value handles \item{}{} directly checkRd: (-1) mb24_filter.Rd:14: Lost braces in \itemize; \value handles \item{}{} directly checkRd: (-1) mb4_filter.Rd:12: Lost braces in \itemize; \value handles \item{}{} directly checkRd: (-1) mb4_filter.Rd:13: Lost braces in \itemize; \value handles \item{}{} directly checkRd: (-1) mb4_filter.Rd:14: Lost braces in \itemize; \value handles \item{}{} directly checkRd: (-1) mb8_filter.Rd:12: Lost braces in \itemize; \value handles \item{}{} directly checkRd: (-1) mb8_filter.Rd:13: Lost braces in \itemize; \value handles \item{}{} directly checkRd: (-1) mb8_filter.Rd:14: Lost braces in \itemize; \value handles \item{}{} directly checkRd: (-1) modwt_wvar_cpp.Rd:36: Lost braces in \itemize; \value handles \item{}{} directly checkRd: (-1) modwt_wvar_cpp.Rd:37: Lost braces in \itemize; \value handles \item{}{} directly checkRd: (-1) modwt_wvar_cpp.Rd:38: Lost braces in \itemize; \value handles \item{}{} directly checkRd: (-1) plus-.ts.model.Rd:17: Lost braces in \itemize; \value handles \item{}{} directly checkRd: (-1) plus-.ts.model.Rd:18: Lost braces in \itemize; \value handles \item{}{} directly checkRd: (-1) plus-.ts.model.Rd:19: Lost braces in \itemize; \value handles \item{}{} directly checkRd: (-1) plus-.ts.model.Rd:20: Lost braces in \itemize; \value handles \item{}{} directly checkRd: (-1) plus-.ts.model.Rd:21: Lost braces in \itemize; \value handles \item{}{} directly checkRd: (-1) plus-.ts.model.Rd:22: Lost braces in \itemize; \value handles \item{}{} directly checkRd: (-1) predict.gmwm.Rd:22: Lost braces in \itemize; \value handles \item{}{} directly checkRd: (-1) predict.gmwm.Rd:23: Lost braces in \itemize; \value handles \item{}{} directly checkRd: (-1) predict.gmwm.Rd:24: Lost braces in \itemize; \value handles \item{}{} directly checkRd: (-1) select_filter.Rd:15: Lost braces in \itemize; \value handles \item{}{} directly checkRd: (-1) select_filter.Rd:16: Lost braces in \itemize; \value handles \item{}{} directly checkRd: (-1) select_filter.Rd:17: Lost braces in \itemize; \value handles \item{}{} directly checkRd: (-1) summary.gmwm.Rd:38: Lost braces in \itemize; \value handles \item{}{} directly checkRd: (-1) summary.gmwm.Rd:39: Lost braces in \itemize; \value handles \item{}{} directly checkRd: (-1) summary.gmwm.Rd:40: Lost braces in \itemize; \value handles \item{}{} directly checkRd: (-1) summary.gmwm.Rd:41: Lost braces in \itemize; \value handles \item{}{} directly checkRd: (-1) summary.gmwm.Rd:42: Lost braces in \itemize; \value handles \item{}{} directly checkRd: (-1) summary.gmwm.Rd:43: Lost braces in \itemize; \value handles \item{}{} directly checkRd: (-1) summary.gmwm.Rd:44: Lost braces in \itemize; \value handles \item{}{} directly checkRd: (-1) summary.gmwm.Rd:45: Lost braces in \itemize; \value handles \item{}{} directly checkRd: (-1) summary.gmwm.Rd:46: Lost braces in \itemize; \value handles \item{}{} directly checkRd: (-1) summary.gmwm.Rd:47: Lost braces in \itemize; \value handles \item{}{} directly checkRd: (-1) summary.gmwm.Rd:48: Lost braces in \itemize; \value handles \item{}{} directly checkRd: (-1) update.gmwm.Rd:19: Lost braces in \itemize; \value handles \item{}{} directly checkRd: (-1) update.gmwm.Rd:20: Lost braces in \itemize; \value handles \item{}{} directly checkRd: (-1) update.gmwm.Rd:21: Lost braces in \itemize; \value handles \item{}{} directly checkRd: (-1) update.gmwm.Rd:22: Lost braces in \itemize; \value handles \item{}{} directly checkRd: (-1) update.gmwm.Rd:23: Lost braces in \itemize; \value handles \item{}{} directly checkRd: (-1) update.gmwm.Rd:24: Lost braces in \itemize; \value handles \item{}{} directly checkRd: (-1) update.gmwm.Rd:25: Lost braces in \itemize; \value handles \item{}{} directly checkRd: (-1) update.gmwm.Rd:26: Lost braces in \itemize; \value handles \item{}{} directly checkRd: (-1) update.gmwm.Rd:27: Lost braces in \itemize; \value handles \item{}{} directly checkRd: (-1) update.gmwm.Rd:28: Lost braces in \itemize; \value handles \item{}{} directly checkRd: (-1) update.gmwm.Rd:29: Lost braces in \itemize; \value handles \item{}{} directly checkRd: (-1) update.gmwm.Rd:30: Lost braces in \itemize; \value handles \item{}{} directly checkRd: (-1) update.gmwm.Rd:31: Lost braces in \itemize; \value handles \item{}{} directly checkRd: (-1) update.gmwm.Rd:32: Lost braces in \itemize; \value handles \item{}{} directly checkRd: (-1) update.gmwm.Rd:33: Lost braces in \itemize; \value handles \item{}{} directly checkRd: (-1) update.gmwm.Rd:34: Lost braces in \itemize; \value handles \item{}{} directly checkRd: (-1) update.gmwm.Rd:35: Lost braces in \itemize; \value handles \item{}{} directly checkRd: (-1) update.gmwm.Rd:36: Lost braces in \itemize; \value handles \item{}{} directly checkRd: (-1) update.gmwm.Rd:37: Lost braces in \itemize; \value handles \item{}{} directly checkRd: (-1) update.gmwm.Rd:38: Lost braces in \itemize; \value handles \item{}{} directly checkRd: (-1) update.gmwm.Rd:39: Lost braces in \itemize; \value handles \item{}{} directly checkRd: (-1) update.gmwm.Rd:40: Lost braces in \itemize; \value handles \item{}{} directly checkRd: (-1) update.gmwm.Rd:41: Lost braces in \itemize; \value handles \item{}{} directly checkRd: (-1) update.gmwm.Rd:42: Lost braces in \itemize; \value handles \item{}{} directly checkRd: (-1) update.gmwm.Rd:43: Lost braces in \itemize; \value handles \item{}{} directly checkRd: (-1) update.gmwm.Rd:44: Lost braces in \itemize; \value handles \item{}{} directly checkRd: (-1) update.gmwm.Rd:45: Lost braces in \itemize; \value handles \item{}{} directly checkRd: (-1) update.gmwm.Rd:46: Lost braces in \itemize; \value handles \item{}{} directly checkRd: (-1) w4_filter.Rd:12: Lost braces in \itemize; \value handles \item{}{} directly checkRd: (-1) w4_filter.Rd:13: Lost braces in \itemize; \value handles \item{}{} directly checkRd: (-1) w4_filter.Rd:14: Lost braces in \itemize; \value handles \item{}{} directly checkRd: (-1) wvar_cpp.Rd:23: Lost braces in \itemize; \value handles \item{}{} directly checkRd: (-1) wvar_cpp.Rd:24: Lost braces in \itemize; \value handles \item{}{} directly checkRd: (-1) wvar_cpp.Rd:25: Lost braces in \itemize; \value handles \item{}{} directly Flavors: r-devel-linux-x86_64-debian-clang, r-devel-linux-x86_64-debian-gcc, r-devel-linux-x86_64-fedora-clang, r-devel-linux-x86_64-fedora-gcc, r-devel-windows-x86_64, r-patched-linux-x86_64, r-release-linux-x86_64, r-release-macos-arm64, r-release-windows-x86_64

Version: 0.2.2
Check: installed package size
Result: NOTE installed size is 22.4Mb sub-directories of 1Mb or more: doc 1.5Mb libs 20.0Mb Flavors: r-release-macos-arm64, r-oldrel-macos-arm64, r-oldrel-macos-x86_64