Last updated on 2024-03-12 07:50:07 CET.
Flavor | Version | Tinstall | Tcheck | Ttotal | Status | Flags |
---|---|---|---|---|---|---|
r-devel-linux-x86_64-debian-clang | 1.4.2-1 | 213.00 | 407.30 | 620.30 | OK | |
r-devel-linux-x86_64-debian-gcc | 1.4.2-1 | 168.51 | 286.00 | 454.51 | OK | |
r-devel-linux-x86_64-fedora-clang | 1.4.2-1 | 837.91 | OK | |||
r-devel-linux-x86_64-fedora-gcc | 1.4.2-1 | 651.24 | OK | |||
r-devel-windows-x86_64 | 1.4.2-1 | 170.00 | 311.00 | 481.00 | OK | |
r-patched-linux-x86_64 | 1.4.2-1 | 153.27 | 394.85 | 548.12 | OK | |
r-release-linux-x86_64 | 1.4.2-1 | 150.49 | 392.59 | 543.08 | OK | |
r-release-macos-arm64 | 1.4.2-1 | 228.00 | NOTE | |||
r-release-macos-x86_64 | 1.4.2-1 | 365.00 | NOTE | |||
r-release-windows-x86_64 | 1.4.2-1 | 219.00 | 404.00 | 623.00 | OK | |
r-oldrel-macos-arm64 | 1.4.2-1 | 221.00 | NOTE | |||
r-oldrel-windows-x86_64 | 1.4.2-1 | 209.00 | 356.00 | 565.00 | OK |
Version: 1.4.2-1
Check: installed package size
Result: NOTE
installed size is 9.4Mb
sub-directories of 1Mb or more:
R 2.1Mb
extdata 1.6Mb
libs 5.0Mb
Flavors: r-release-macos-arm64, r-release-macos-x86_64, r-oldrel-macos-arm64