CRAN Package Check Results for Package skewlmm

Last updated on 2021-05-12 08:49:06 CEST.

Flavor Version Tinstall Tcheck Ttotal Status Flags
r-devel-linux-x86_64-debian-clang 0.2.3 25.37 127.15 152.52 NOTE
r-devel-linux-x86_64-debian-gcc 0.2.3 20.39 90.88 111.27 NOTE
r-devel-linux-x86_64-fedora-clang 0.2.3 186.80 NOTE
r-devel-linux-x86_64-fedora-gcc 0.2.3 180.04 NOTE
r-devel-windows-ix86+x86_64 0.2.3 39.00 138.00 177.00 NOTE
r-devel-windows-x86_64-gcc10-UCRT 0.2.3 NOTE
r-patched-linux-x86_64 0.2.3 25.45 119.92 145.37 NOTE
r-patched-solaris-x86 0.2.3 206.50 NOTE
r-release-linux-x86_64 0.2.3 19.94 111.92 131.86 OK
r-release-macos-x86_64 0.2.3 OK
r-release-windows-ix86+x86_64 0.2.3 31.00 101.00 132.00 OK
r-oldrel-macos-x86_64 0.2.3 OK
r-oldrel-windows-ix86+x86_64 0.2.3 37.00 130.00 167.00 OK

Check Details

Version: 0.2.3
Check: LazyData
Result: NOTE
     'LazyData' is specified without a 'data' directory
Flavors: r-devel-linux-x86_64-debian-clang, r-devel-linux-x86_64-debian-gcc, r-devel-linux-x86_64-fedora-clang, r-devel-linux-x86_64-fedora-gcc, r-devel-windows-ix86+x86_64, r-devel-windows-x86_64-gcc10-UCRT, r-patched-linux-x86_64, r-patched-solaris-x86