Last updated on 2024-08-31 08:48:23 CEST.
Flavor | Version | Tinstall | Tcheck | Ttotal | Status | Flags |
---|---|---|---|---|---|---|
r-devel-linux-x86_64-debian-clang | 0.1-52 | 5.71 | 35.40 | 41.11 | OK | |
r-devel-linux-x86_64-debian-gcc | 0.1-52 | 4.30 | 27.51 | 31.81 | OK | |
r-devel-linux-x86_64-fedora-clang | 0.1-52 | 69.59 | OK | |||
r-devel-linux-x86_64-fedora-gcc | 0.1-52 | 68.59 | OK | |||
r-devel-windows-x86_64 | 0.1-52 | 12.00 | 59.00 | 71.00 | NOTE | |
r-patched-linux-x86_64 | 0.1-52 | 5.41 | 33.33 | 38.74 | OK | |
r-release-linux-x86_64 | 0.1-52 | 5.18 | 33.61 | 38.79 | OK | |
r-release-macos-arm64 | 0.1-52 | 28.00 | OK | |||
r-release-macos-x86_64 | 0.1-52 | 78.00 | OK | |||
r-release-windows-x86_64 | 0.1-52 | 12.00 | 59.00 | 71.00 | OK | |
r-oldrel-macos-arm64 | 0.1-52 | 32.00 | OK | |||
r-oldrel-macos-x86_64 | 0.1-52 | 59.00 | OK | |||
r-oldrel-windows-x86_64 | 0.1-52 | 11.00 | 64.00 | 75.00 | OK |
Version: 0.1-52
Check: tests
Result: NOTE
Running 'abind.R' [0s]
Comparing 'abind.Rout' to 'abind.Rout.save' ... OK
Running 'apply.R' [0s]
Comparing 'apply.Rout' to 'apply.Rout.save' ... OK
Running 'crossprod.R' [0s]
Comparing 'crossprod.Rout' to 'crossprod.Rout.save' ... OK
Running 'dimgets.R' [0s]
Running 'extract.R' [0s]
Comparing 'extract.Rout' to 'extract.Rout.save' ... OK
Running 'matrix.R' [0s]
Comparing 'matrix.Rout' to 'matrix.Rout.save' ... OK
Running 'matrix_dimnames.R' [0s]
Comparing 'matrix_dimnames.Rout' to 'matrix_dimnames.Rout.save' ... OK
Running 'rollup.R' [0s]
Comparing 'rollup.Rout' to 'rollup.Rout.save' ... OK
Running 'split.R' [0s]
Comparing 'split.Rout' to 'split.Rout.save' ... OK
Running 'ssa_valid.R' [0s]
Comparing 'ssa_valid.Rout' to 'ssa_valid.Rout.save' ... OK
Running 'stm.R' [0s]
Comparing 'stm.Rout' to 'stm.Rout.save' ... OK
Running 'stm_apply.R' [0s]
Comparing 'stm_apply.Rout' to 'stm_apply.Rout.save' ... OK
Running 'stm_rollup.R' [0s]
Comparing 'stm_rollup.Rout' to 'stm_rollup.Rout.save' ...113a114,115
> _row_tsums: reduced 1 (3) zeros
> _row_tsums: 0.000s [0.000s/0.000s]
Running 'stm_subassign.R' [0s]
Comparing 'stm_subassign.Rout' to 'stm_subassign.Rout.save' ... OK
Running 'stm_ttcrossprod.R' [0s]
Comparing 'stm_ttcrossprod.Rout' to 'stm_ttcrossprod.Rout.save' ... OK
Running 'stm_valid.R' [0s]
Comparing 'stm_valid.Rout' to 'stm_valid.Rout.save' ... OK
Running 'stm_zeros.R' [0s]
Comparing 'stm_zeros.Rout' to 'stm_zeros.Rout.save' ... OK
Running 'subassign.R' [0s]
Comparing 'subassign.Rout' to 'subassign.Rout.save' ... OK
Running 'util.R' [0s]
Comparing 'util.Rout' to 'util.Rout.save' ... OK
Flavor: r-devel-windows-x86_64