Last updated on 2025-01-25 07:50:43 CET.
Flavor | Version | Tinstall | Tcheck | Ttotal | Status | Flags |
---|---|---|---|---|---|---|
r-devel-linux-x86_64-debian-clang | 1.0.0 | 42.49 | 46.10 | 88.59 | NOTE | |
r-devel-linux-x86_64-debian-gcc | 1.0.0 | 30.11 | 34.15 | 64.26 | NOTE | |
r-devel-linux-x86_64-fedora-clang | 1.0.0 | 169.12 | NOTE | |||
r-devel-linux-x86_64-fedora-gcc | 1.0.0 | 165.41 | NOTE | |||
r-devel-windows-x86_64 | 1.0.0 | 52.00 | 81.00 | 133.00 | OK | |
r-patched-linux-x86_64 | 1.0.0 | 40.71 | 43.55 | 84.26 | NOTE | |
r-release-linux-x86_64 | 1.0.0 | 39.64 | 44.71 | 84.35 | NOTE | |
r-release-macos-arm64 | 1.0.0 | 42.00 | NOTE | |||
r-release-macos-x86_64 | 1.0.0 | 69.00 | NOTE | |||
r-release-windows-x86_64 | 1.0.0 | 51.00 | 79.00 | 130.00 | OK | |
r-oldrel-macos-arm64 | 1.0.0 | 50.00 | NOTE | |||
r-oldrel-macos-x86_64 | 1.0.0 | 78.00 | NOTE | |||
r-oldrel-windows-x86_64 | 1.0.0 | 64.00 | 101.00 | 165.00 | OK |
Version: 1.0.0
Check: C++ specification
Result: NOTE
Specified C++11: please drop specification unless essential
Flavors: r-devel-linux-x86_64-debian-clang, r-devel-linux-x86_64-debian-gcc, r-devel-linux-x86_64-fedora-clang, r-devel-linux-x86_64-fedora-gcc, r-patched-linux-x86_64, r-release-linux-x86_64, r-release-macos-arm64, r-release-macos-x86_64, r-oldrel-macos-arm64, r-oldrel-macos-x86_64
Version: 1.0.0
Check: dependencies in R code
Result: NOTE
Namespace in Imports field not imported from: ‘RcppArmadillo’
All declared Imports should be used.
Flavors: r-devel-linux-x86_64-fedora-clang, r-devel-linux-x86_64-fedora-gcc