Last updated on 2024-07-27 08:49:32 CEST.
Flavor | Version | Tinstall | Tcheck | Ttotal | Status | Flags |
---|---|---|---|---|---|---|
r-devel-linux-x86_64-debian-clang | 1.0.3 | 123.35 | 70.39 | 193.74 | OK | |
r-devel-linux-x86_64-debian-gcc | 1.0.3 | OK | ||||
r-devel-linux-x86_64-fedora-clang | 1.0.3 | 306.00 | OK | |||
r-devel-linux-x86_64-fedora-gcc | 1.0.3 | 357.47 | OK | |||
r-devel-windows-x86_64 | 1.0.3 | 88.00 | 105.00 | 193.00 | OK | |
r-patched-linux-x86_64 | 1.0.3 | OK | ||||
r-release-linux-x86_64 | 1.0.3 | 111.95 | 115.28 | 227.23 | OK | |
r-release-macos-arm64 | 1.0.3 | 70.00 | NOTE | |||
r-release-macos-x86_64 | 1.0.3 | 92.00 | NOTE | |||
r-release-windows-x86_64 | 1.0.3 | 99.00 | 100.00 | 199.00 | OK | |
r-oldrel-macos-arm64 | 1.0.3 | 66.00 | NOTE | |||
r-oldrel-macos-x86_64 | 1.0.3 | 132.00 | NOTE | |||
r-oldrel-windows-x86_64 | 1.0.3 | 106.00 | 118.00 | 224.00 | OK |
Version: 1.0.3
Check: installed package size
Result: NOTE
installed size is 31.6Mb
sub-directories of 1Mb or more:
libs 31.2Mb
Flavors: r-release-macos-arm64, r-release-macos-x86_64, r-oldrel-macos-arm64, r-oldrel-macos-x86_64