CRAN Package Check Results for Package smacpod

Last updated on 2021-07-26 09:54:23 CEST.

Flavor Version Tinstall Tcheck Ttotal Status Flags
r-devel-linux-x86_64-debian-clang 2.1.1 3.53 77.28 80.81 OK
r-devel-linux-x86_64-debian-gcc 2.1.1 2.23 57.13 59.36 OK
r-devel-linux-x86_64-fedora-clang 2.1.1 104.35 NOTE
r-devel-linux-x86_64-fedora-gcc 2.1.1 94.30 NOTE
r-devel-windows-x86_64 2.1.1 5.00 87.00 92.00 OK
r-devel-windows-x86_64-gcc10-UCRT 2.1.1 NOTE
r-patched-linux-x86_64 2.1.1 9.72 73.93 83.65 OK
r-patched-solaris-x86 2.1.1 148.50 NOTE
r-release-linux-x86_64 2.1.1 3.20 73.73 76.93 OK
r-release-macos-arm64 2.1.1 NOTE
r-release-macos-x86_64 2.1.1 NOTE
r-release-windows-ix86+x86_64 2.1.1 8.00 86.00 94.00 OK
r-oldrel-macos-x86_64 2.1.1 NOTE
r-oldrel-windows-ix86+x86_64 2.1.1 5.00 104.00 109.00 OK

Check Details

Version: 2.1.1
Check: dependencies in R code
Result: NOTE
    Namespace in Imports field not imported from: ‘spatstat’
     All declared Imports should be used.
Flavors: r-devel-linux-x86_64-fedora-clang, r-devel-linux-x86_64-fedora-gcc, r-devel-windows-x86_64-gcc10-UCRT, r-patched-solaris-x86, r-release-macos-arm64, r-release-macos-x86_64, r-oldrel-macos-x86_64