CRAN Package Check Results for Package smartR

Last updated on 2021-04-15 09:50:16 CEST.

Flavor Version Tinstall Tcheck Ttotal Status Flags
r-devel-linux-x86_64-debian-clang 0.62.3 47.23 316.61 363.84 NOTE
r-devel-linux-x86_64-debian-gcc 0.62.3 39.32 236.37 275.69 NOTE
r-devel-linux-x86_64-fedora-clang 0.62.3 463.01 NOTE
r-devel-linux-x86_64-fedora-gcc 0.62.3 427.83 NOTE
r-devel-windows-ix86+x86_64 0.62.3 108.00 290.00 398.00 NOTE
r-devel-windows-x86_64-gcc10-UCRT 0.62.3 NOTE
r-patched-linux-x86_64 0.62.3 43.44 287.38 330.82 OK
r-patched-solaris-x86 0.62.3 611.90 NOTE
r-release-linux-x86_64 0.62.3 44.63 289.11 333.74 OK
r-release-macos-x86_64 0.62.3 NOTE
r-release-windows-ix86+x86_64 0.62.3 111.00 377.00 488.00 NOTE
r-oldrel-macos-x86_64 0.62.3 ERROR
r-oldrel-windows-ix86+x86_64 0.62.3 65.00 235.00 300.00 NOTE

Check Details

Version: 0.62.3
Check: LazyData
Result: NOTE
     'LazyData' is specified without a 'data' directory
Flavors: r-devel-linux-x86_64-debian-clang, r-devel-linux-x86_64-debian-gcc, r-devel-linux-x86_64-fedora-clang, r-devel-linux-x86_64-fedora-gcc, r-devel-windows-ix86+x86_64, r-devel-windows-x86_64-gcc10-UCRT

Version: 0.62.3
Check: package dependencies
Result: NOTE
    Imports includes 35 non-default packages.
    Importing from so many packages makes the package vulnerable to any of
    them becoming unavailable. Move as many as possible to Suggests and
    use conditionally.
Flavor: r-devel-linux-x86_64-fedora-clang

Version: 0.62.3
Check: installed package size
Result: NOTE
     installed size is 5.4Mb
     sub-directories of 1Mb or more:
     doc 2.6Mb
     extdata 1.3Mb
Flavors: r-devel-linux-x86_64-fedora-clang, r-devel-windows-ix86+x86_64, r-patched-solaris-x86, r-release-macos-x86_64, r-release-windows-ix86+x86_64, r-oldrel-windows-ix86+x86_64

Version: 0.62.3
Check: package dependencies
Result: ERROR
    Package required but not available: ‘gWidgets2RGtk2’
    
    See section ‘The DESCRIPTION file’ in the ‘Writing R Extensions’
    manual.
Flavor: r-oldrel-macos-x86_64