CRAN Package Check Results for Package smcfcs

Last updated on 2021-06-21 08:50:05 CEST.

Flavor Version Tinstall Tcheck Ttotal Status Flags
r-devel-linux-x86_64-debian-clang 1.6.0 11.18 137.30 148.48 OK
r-devel-linux-x86_64-debian-gcc 1.6.0 7.82 102.30 110.12 OK
r-devel-linux-x86_64-fedora-clang 1.6.0 182.59 NOTE
r-devel-linux-x86_64-fedora-gcc 1.6.0 172.49 OK
r-devel-windows-x86_64 1.6.0 14.00 167.00 181.00 OK
r-devel-windows-x86_64-gcc10-UCRT 1.6.0 OK
r-patched-linux-x86_64 1.5.0 5.24 94.64 99.88 OK
r-patched-solaris-x86 1.6.0 237.80 OK
r-release-linux-x86_64 1.6.0 8.98 132.80 141.78 OK
r-release-macos-arm64 1.6.0 OK
r-release-macos-x86_64 1.6.0 OK
r-release-windows-ix86+x86_64 1.6.0 19.00 179.00 198.00 OK
r-oldrel-macos-x86_64 1.6.0 OK
r-oldrel-windows-ix86+x86_64 1.6.0 17.00 119.00 136.00 OK

Check Details

Version: 1.6.0
Check: Rd cross-references
Result: NOTE
    Undeclared package ‘mice’ in Rd xrefs
Flavor: r-devel-linux-x86_64-fedora-clang