CRAN Package Check Results for Package smdocker

Last updated on 2024-05-22 08:59:44 CEST.

Flavor Version Tinstall Tcheck Ttotal Status Flags
r-devel-linux-x86_64-debian-clang 0.1.4 4.00 42.40 46.40 NOTE
r-devel-linux-x86_64-debian-gcc 0.1.4 3.32 32.33 35.65 NOTE
r-devel-linux-x86_64-fedora-clang 0.1.4 58.03 NOTE
r-devel-linux-x86_64-fedora-gcc 0.1.4 55.66 NOTE
r-devel-windows-x86_64 0.1.4 5.00 56.00 61.00 NOTE
r-patched-linux-x86_64 0.1.4 3.87 39.79 43.66 NOTE
r-release-linux-x86_64 0.1.4 3.77 40.40 44.17 NOTE
r-release-macos-arm64 0.1.4 29.00 NOTE
r-release-windows-x86_64 0.1.4 5.00 56.00 61.00 NOTE
r-oldrel-macos-arm64 0.1.4 26.00 OK
r-oldrel-macos-x86_64 0.1.4 38.00 OK
r-oldrel-windows-x86_64 0.1.4 7.00 60.00 67.00 OK

Check Details

Version: 0.1.4
Check: Rd files
Result: NOTE checkRd: (-1) smdocker_log.Rd:34: Lost braces in \itemize; meant \describe ? checkRd: (-1) smdocker_log.Rd:35-37: Lost braces in \itemize; meant \describe ? checkRd: (-1) smdocker_log.Rd:38: Lost braces in \itemize; meant \describe ? checkRd: (-1) smdocker_log.Rd:16: Lost braces in \itemize; meant \describe ? checkRd: (-1) smdocker_log.Rd:17: Lost braces in \itemize; meant \describe ? checkRd: (-1) smdocker_log.Rd:18: Lost braces in \itemize; meant \describe ? checkRd: (-1) smdocker_log.Rd:19: Lost braces in \itemize; meant \describe ? Flavors: r-devel-linux-x86_64-debian-clang, r-devel-linux-x86_64-debian-gcc, r-devel-linux-x86_64-fedora-clang, r-devel-linux-x86_64-fedora-gcc, r-devel-windows-x86_64, r-patched-linux-x86_64, r-release-linux-x86_64, r-release-macos-arm64, r-release-windows-x86_64