Last updated on 2024-03-12 07:50:08 CET.
Flavor | Version | Tinstall | Tcheck | Ttotal | Status | Flags |
---|---|---|---|---|---|---|
r-devel-linux-x86_64-debian-clang | 1.0.3 | 50.92 | 105.98 | 156.90 | NOTE | |
r-devel-linux-x86_64-debian-gcc | 1.0.3 | 46.38 | 75.92 | 122.30 | NOTE | |
r-devel-linux-x86_64-fedora-clang | 1.0.3 | 208.17 | NOTE | |||
r-devel-linux-x86_64-fedora-gcc | 1.0.3 | 229.50 | NOTE | |||
r-devel-windows-x86_64 | 1.0.3 | 44.00 | 119.00 | 163.00 | NOTE | |
r-patched-linux-x86_64 | 1.0.3 | 57.87 | 103.31 | 161.18 | NOTE | |
r-release-linux-x86_64 | 1.0.3 | 65.71 | 102.61 | 168.32 | NOTE | |
r-release-macos-arm64 | 1.0.3 | 60.00 | NOTE | |||
r-release-macos-x86_64 | 1.0.3 | 100.00 | NOTE | |||
r-release-windows-x86_64 | 1.0.3 | 54.00 | 130.00 | 184.00 | NOTE | |
r-oldrel-macos-arm64 | 1.0.3 | 49.00 | NOTE | |||
r-oldrel-windows-x86_64 | 1.0.3 | 52.00 | 125.00 | 177.00 | OK |
Version: 1.0.3
Check: C++ specification
Result: NOTE
Specified C++11: please drop specification unless essential
Flavors: r-devel-linux-x86_64-debian-clang, r-devel-linux-x86_64-debian-gcc, r-devel-linux-x86_64-fedora-clang, r-devel-linux-x86_64-fedora-gcc, r-devel-windows-x86_64, r-patched-linux-x86_64, r-release-linux-x86_64, r-release-macos-arm64, r-release-macos-x86_64, r-release-windows-x86_64
Version: 1.0.3
Check: Rd files
Result: NOTE
checkRd: (-1) getKernel.Rd:25-26: Lost braces in \itemize; \value handles \item{}{} directly
checkRd: (-1) getKernel.Rd:27-28: Lost braces in \itemize; \value handles \item{}{} directly
Flavors: r-devel-linux-x86_64-debian-clang, r-devel-linux-x86_64-debian-gcc, r-devel-linux-x86_64-fedora-clang, r-devel-linux-x86_64-fedora-gcc, r-devel-windows-x86_64
Version: 1.0.3
Check: installed package size
Result: NOTE
installed size is 5.2Mb
sub-directories of 1Mb or more:
libs 4.4Mb
Flavors: r-release-macos-arm64, r-release-macos-x86_64, r-oldrel-macos-arm64