CRAN Package Check Results for Package smoof

Last updated on 2021-04-19 09:50:59 CEST.

Flavor Version Tinstall Tcheck Ttotal Status Flags
r-devel-linux-x86_64-debian-clang 1.6.0.2 87.96 112.15 200.11 NOTE
r-devel-linux-x86_64-debian-gcc 1.6.0.2 62.20 82.66 144.86 NOTE
r-devel-linux-x86_64-fedora-clang 1.6.0.2 278.87 NOTE
r-devel-linux-x86_64-fedora-gcc 1.6.0.2 247.04 NOTE
r-devel-windows-ix86+x86_64 1.6.0.2 168.00 138.00 306.00 NOTE
r-devel-windows-x86_64-gcc10-UCRT 1.6.0.2 NOTE
r-patched-linux-x86_64 1.6.0.2 69.90 103.96 173.86 NOTE
r-patched-solaris-x86 1.6.0.2 286.40 NOTE
r-release-linux-x86_64 1.6.0.2 69.31 104.05 173.36 NOTE
r-release-macos-x86_64 1.6.0.2 NOTE
r-release-windows-ix86+x86_64 1.6.0.2 203.00 184.00 387.00 NOTE
r-oldrel-macos-x86_64 1.6.0.2 OK
r-oldrel-windows-ix86+x86_64 1.6.0.2 134.00 157.00 291.00 NOTE

Check Details

Version: 1.6.0.2
Check: package dependencies
Result: NOTE
    Package suggested but not available for checking: 'rPython'
Flavors: r-devel-linux-x86_64-debian-clang, r-devel-linux-x86_64-debian-gcc, r-devel-linux-x86_64-fedora-clang, r-devel-linux-x86_64-fedora-gcc, r-devel-windows-ix86+x86_64, r-devel-windows-x86_64-gcc10-UCRT, r-patched-linux-x86_64, r-patched-solaris-x86, r-release-linux-x86_64, r-release-macos-x86_64, r-release-windows-ix86+x86_64, r-oldrel-windows-ix86+x86_64

Version: 1.6.0.2
Check: LazyData
Result: NOTE
     'LazyData' is specified without a 'data' directory
Flavors: r-devel-linux-x86_64-debian-clang, r-devel-linux-x86_64-debian-gcc, r-devel-linux-x86_64-fedora-clang, r-devel-linux-x86_64-fedora-gcc, r-devel-windows-ix86+x86_64, r-devel-windows-x86_64-gcc10-UCRT