Last updated on 2024-04-19 08:54:55 CEST.
Flavor | Version | Tinstall | Tcheck | Ttotal | Status | Flags |
---|---|---|---|---|---|---|
r-devel-linux-x86_64-debian-clang | 4.0.1 | 225.34 | 606.03 | 831.37 | OK | |
r-devel-linux-x86_64-debian-gcc | 4.0.1 | OK | ||||
r-devel-linux-x86_64-fedora-clang | 4.0.1 | 1106.09 | NOTE | |||
r-devel-linux-x86_64-fedora-gcc | 4.0.1 | 1087.72 | OK | |||
r-prerel-macos-arm64 | 4.0.1 | 243.00 | NOTE | |||
r-prerel-macos-x86_64 | 4.0.1 | 603.00 | NOTE | |||
r-prerel-windows-x86_64 | 4.0.1 | 173.00 | 217.00 | 390.00 | NOTE | --no-vignettes |
r-patched-linux-x86_64 | 4.0.1 | 164.54 | 542.54 | 707.08 | OK | |
r-release-linux-x86_64 | 4.0.1 | 165.94 | 553.77 | 719.71 | OK | |
r-release-macos-arm64 | 4.0.1 | 249.00 | NOTE | |||
r-release-macos-x86_64 | 4.0.1 | 591.00 | NOTE | |||
r-release-windows-x86_64 | 4.0.1 | 215.00 | 258.00 | 473.00 | NOTE | --no-vignettes |
r-oldrel-macos-arm64 | 4.0.1 | 229.00 | NOTE | |||
r-oldrel-windows-x86_64 | 4.0.1 | 210.00 | 267.00 | 477.00 | NOTE | --no-vignettes |
Version: 4.0.1
Check: installed package size
Result: NOTE
installed size is 6.0Mb
sub-directories of 1Mb or more:
R 1.2Mb
doc 3.4Mb
Flavors: r-devel-linux-x86_64-fedora-clang, r-prerel-macos-arm64, r-prerel-macos-x86_64, r-release-macos-arm64, r-release-macos-x86_64, r-oldrel-macos-arm64
Version: 4.0.1
Flags: --no-vignettes
Check: package dependencies
Result: NOTE
Package suggested but not available for checking: 'doMC'
Flavors: r-prerel-windows-x86_64, r-release-windows-x86_64, r-oldrel-windows-x86_64
Version: 4.0.1
Flags: --no-vignettes
Check: installed package size
Result: NOTE
installed size is 6.6Mb
sub-directories of 1Mb or more:
R 1.2Mb
doc 3.3Mb
libs 1.6Mb
Flavors: r-prerel-windows-x86_64, r-release-windows-x86_64, r-oldrel-windows-x86_64