CRAN Package Check Results for Package smooth

Last updated on 2021-05-14 09:51:08 CEST.

Flavor Version Tinstall Tcheck Ttotal Status Flags
r-devel-linux-x86_64-debian-clang 3.1.1 215.77 339.00 554.77 OK --no-vignettes
r-devel-linux-x86_64-debian-gcc 3.1.1 156.29 240.79 397.08 OK --no-vignettes
r-devel-linux-x86_64-fedora-clang 3.1.1 828.85 NOTE
r-devel-linux-x86_64-fedora-gcc 3.1.1 690.70 OK
r-devel-windows-ix86+x86_64 3.1.1 474.00 326.00 800.00 NOTE --no-vignettes
r-devel-windows-x86_64-gcc10-UCRT 3.1.1 NOTE
r-patched-linux-x86_64 3.1.1 194.63 319.12 513.75 OK --no-vignettes
r-patched-solaris-x86 3.1.1 1058.90 NOTE
r-release-linux-x86_64 3.1.1 190.31 304.18 494.49 OK --no-vignettes
r-release-macos-x86_64 3.1.1 NOTE
r-release-windows-ix86+x86_64 3.1.1 342.00 455.00 797.00 NOTE --no-vignettes
r-oldrel-macos-x86_64 3.1.1 NOTE
r-oldrel-windows-ix86+x86_64 3.1.1 404.00 396.00 800.00 NOTE --no-vignettes

Check Details

Version: 3.1.1
Check: installed package size
Result: NOTE
     installed size is 16.2Mb
     sub-directories of 1Mb or more:
     R 1.2Mb
     doc 3.7Mb
     libs 10.9Mb
Flavors: r-devel-linux-x86_64-fedora-clang, r-patched-solaris-x86, r-release-macos-x86_64, r-oldrel-macos-x86_64

Version: 3.1.1
Flags: --no-vignettes
Check: package dependencies
Result: NOTE
    Package suggested but not available for checking: 'doMC'
Flavors: r-devel-windows-ix86+x86_64, r-release-windows-ix86+x86_64, r-oldrel-windows-ix86+x86_64

Version: 3.1.1
Flags: --no-vignettes
Check: installed package size
Result: NOTE
     installed size is 8.5Mb
     sub-directories of 1Mb or more:
     R 1.2Mb
     doc 3.7Mb
     libs 3.2Mb
Flavors: r-devel-windows-ix86+x86_64, r-release-windows-ix86+x86_64, r-oldrel-windows-ix86+x86_64

Version: 3.1.1
Check: package dependencies
Result: NOTE
    Package suggested but not available for checking: 'doMC'
Flavor: r-devel-windows-x86_64-gcc10-UCRT