CRAN Package Check Results for Package snakecase

Last updated on 2021-04-22 08:48:33 CEST.

Flavor Version Tinstall Tcheck Ttotal Status Flags
r-devel-linux-x86_64-debian-clang 0.11.0 3.02 35.68 38.70 OK
r-devel-linux-x86_64-debian-gcc 0.11.0 2.19 28.10 30.29 OK
r-devel-linux-x86_64-fedora-clang 0.11.0 57.29 OK
r-devel-linux-x86_64-fedora-gcc 0.11.0 48.70 OK
r-devel-windows-ix86+x86_64 0.11.0 6.00 68.00 74.00 OK
r-devel-windows-x86_64-gcc10-UCRT 0.11.0 OK
r-patched-linux-x86_64 0.11.0 3.24 36.15 39.39 OK
r-patched-solaris-x86 0.11.0 80.90 OK
r-release-linux-x86_64 0.11.0 2.81 36.22 39.03 OK
r-release-macos-x86_64 0.11.0 OK
r-release-windows-ix86+x86_64 0.11.0 6.00 49.00 55.00 WARN
r-oldrel-macos-x86_64 0.11.0 OK
r-oldrel-windows-ix86+x86_64 0.11.0 4.00 60.00 64.00 OK

Check Details

Version: 0.11.0
Check: R files for syntax errors
Result: WARN
    Warnings in file 'R/replace_special_characters_internal.R':
     unable to translate '<U+00C4>' to native encoding
     unable to translate '<U+00D6>' to native encoding
     unable to translate '<U+00DC>' to native encoding
     unable to translate '<U+00E4>' to native encoding
     unable to translate '<U+00F6>' to native encoding
     unable to translate '<U+00FC>' to native encoding
     unable to translate '<U+00DF>' to native encoding
     unable to translate '<U+00C6>' to native encoding
     unable to translate '<U+00E6>' to native encoding
     unable to translate '<U+00D8>' to native encoding
     unable to translate '<U+00F8>' to native encoding
     unable to translate '<U+00C5>' to native encoding
     unable to translate '<U+00E5>' to native encoding
     unable to translate '<U+00C6>' to native encoding
     unable to translate '<U+00E6>' to native encoding
     unable to translate '<U+00D8>' to native encoding
     unable to translate '<U+00F8>' to native encoding
     unable to translate '<U+00C6>' to native encoding
     unable to translate '<U+00E6>' to native encoding
     unable to translate '<U+00D8>' to native encoding
     unable to translate '<U+00F8>' to native encoding
     unable to translate '<U+00C5>' to native encoding
     unable to translate '<U+00E5>' to native encoding
Flavor: r-release-windows-ix86+x86_64