Last updated on 2024-03-12 07:50:08 CET.
Flavor | Version | Tinstall | Tcheck | Ttotal | Status | Flags |
---|---|---|---|---|---|---|
r-devel-linux-x86_64-debian-clang | 0.4-4 | 2.86 | 26.03 | 28.89 | OK | |
r-devel-linux-x86_64-debian-gcc | 0.4-4 | 1.97 | 20.34 | 22.31 | OK | |
r-devel-linux-x86_64-fedora-clang | 0.4-4 | 38.17 | OK | |||
r-devel-linux-x86_64-fedora-gcc | 0.4-4 | 34.46 | OK | |||
r-devel-windows-x86_64 | 0.4-4 | 3.00 | 42.00 | 45.00 | OK | |
r-patched-linux-x86_64 | 0.4-4 | 3.37 | 26.05 | 29.42 | OK | |
r-release-linux-x86_64 | 0.4-4 | 2.71 | 25.66 | 28.37 | OK | |
r-release-macos-arm64 | 0.4-4 | 16.00 | NOTE | |||
r-release-macos-x86_64 | 0.4-4 | 22.00 | NOTE | |||
r-release-windows-x86_64 | 0.4-4 | 3.00 | 47.00 | 50.00 | OK | |
r-oldrel-macos-arm64 | 0.4-4 | 15.00 | NOTE | |||
r-oldrel-windows-x86_64 | 0.4-4 | 4.00 | 45.00 | 49.00 | OK |
Version: 0.4-4
Check: package dependencies
Result: NOTE
Package which this enhances but not available for checking: ‘Rmpi’
Flavors: r-release-macos-arm64, r-release-macos-x86_64, r-oldrel-macos-arm64