Last updated on 2024-03-12 07:50:08 CET.
Flavor | Version | Tinstall | Tcheck | Ttotal | Status | Flags |
---|---|---|---|---|---|---|
r-devel-linux-x86_64-debian-clang | 1.1.0 | 5.51 | 71.99 | 77.50 | OK | |
r-devel-linux-x86_64-debian-gcc | 1.1.0 | 4.09 | 55.85 | 59.94 | OK | |
r-devel-linux-x86_64-fedora-clang | 1.1.0 | 94.31 | NOTE | |||
r-devel-linux-x86_64-fedora-gcc | 1.1.0 | 103.32 | OK | |||
r-devel-windows-x86_64 | 1.1.0 | 5.00 | 96.00 | 101.00 | OK | |
r-patched-linux-x86_64 | 1.1.0 | 5.05 | 70.82 | 75.87 | OK | |
r-release-linux-x86_64 | 1.1.0 | 5.57 | 70.25 | 75.82 | OK | |
r-release-macos-arm64 | 1.1.0 | 45.00 | OK | |||
r-release-macos-x86_64 | 1.1.0 | 99.00 | OK | |||
r-release-windows-x86_64 | 1.1.0 | 6.00 | 100.00 | 106.00 | OK | |
r-oldrel-macos-arm64 | 1.1.0 | 39.00 | OK | |||
r-oldrel-windows-x86_64 | 1.1.0 | 6.00 | 100.00 | 106.00 | OK |
Version: 1.1.0
Check: Rd cross-references
Result: NOTE
Undeclared package ‘numbers’ in Rd xrefs
Flavor: r-devel-linux-x86_64-fedora-clang