Last updated on 2024-03-12 07:50:08 CET.
Flavor | Version | Tinstall | Tcheck | Ttotal | Status | Flags |
---|---|---|---|---|---|---|
r-devel-linux-x86_64-debian-clang | 1.4-1 | 11.93 | 82.86 | 94.79 | WARN | |
r-devel-linux-x86_64-debian-gcc | 1.4-1 | 8.85 | 65.51 | 74.36 | OK | |
r-devel-linux-x86_64-fedora-clang | 1.4-1 | 119.04 | OK | |||
r-devel-linux-x86_64-fedora-gcc | 1.4-1 | 135.88 | OK | |||
r-devel-windows-x86_64 | 1.4-1 | 13.00 | 83.00 | 96.00 | OK | |
r-patched-linux-x86_64 | 1.4-1 | 10.89 | 82.93 | 93.82 | OK | |
r-release-linux-x86_64 | 1.4-1 | 8.75 | 81.52 | 90.27 | OK | |
r-release-macos-arm64 | 1.4-1 | 34.00 | OK | |||
r-release-macos-x86_64 | 1.4-1 | 103.00 | OK | |||
r-release-windows-x86_64 | 1.4-1 | 16.00 | 91.00 | 107.00 | OK | |
r-oldrel-macos-arm64 | 1.4-1 | 31.00 | OK | |||
r-oldrel-windows-x86_64 | 1.4-1 | 15.00 | 94.00 | 109.00 | OK |
Version: 1.4-1
Check: whether package can be installed
Result: WARN
Found the following significant warnings:
flang-new: warning: argument unused during compilation: '-Wall' [-Wunused-command-line-argument]
See ‘/home/hornik/tmp/R.check/r-devel-clang/Work/PKGS/softImpute.Rcheck/00install.out’ for details.
* used C compiler: ‘Debian clang version 18.1.0 (rc4-1)’
* used Fortran compiler: ‘Debian flang-new version 18.1.0 (rc4-1)’
Flavor: r-devel-linux-x86_64-debian-clang