CRAN Package Check Results for Package som

Last updated on 2021-06-17 09:52:02 CEST.

Flavor Version Tinstall Tcheck Ttotal Status Flags
r-devel-linux-x86_64-debian-clang 0.3-5.1 5.57 25.85 31.42 OK
r-devel-linux-x86_64-debian-gcc 0.3-5.1 3.30 20.32 23.62 OK
r-devel-linux-x86_64-fedora-clang 0.3-5.1 46.86 NOTE
r-devel-linux-x86_64-fedora-gcc 0.3-5.1 36.31 NOTE
r-devel-windows-x86_64 0.3-5.1 7.00 44.00 51.00 OK
r-devel-windows-x86_64-gcc10-UCRT 0.3-5.1 OK
r-patched-linux-x86_64 0.3-5.1 3.84 25.37 29.21 OK
r-patched-solaris-x86 0.3-5.1 58.40 OK
r-release-linux-x86_64 0.3-5.1 3.47 25.28 28.75 OK
r-release-macos-arm64 0.3-5.1 OK
r-release-macos-x86_64 0.3-5.1 OK
r-release-windows-ix86+x86_64 0.3-5.1 10.00 51.00 61.00 OK
r-oldrel-macos-x86_64 0.3-5.1 OK
r-oldrel-windows-ix86+x86_64 0.3-5.1 10.00 45.00 55.00 OK

Check Details

Version: 0.3-5.1
Check: compiled code
Result: NOTE
    File ‘som/libs/som.so’:
     Found no calls to: ‘R_registerRoutines’, ‘R_useDynamicSymbols’
    
    It is good practice to register native routines and to disable symbol
    search.
    
    See ‘Writing portable packages’ in the ‘Writing R Extensions’ manual.
Flavors: r-devel-linux-x86_64-fedora-clang, r-devel-linux-x86_64-fedora-gcc