Last updated on 2024-03-12 07:50:08 CET.
Flavor | Version | Tinstall | Tcheck | Ttotal | Status | Flags |
---|---|---|---|---|---|---|
r-devel-linux-x86_64-debian-clang | 1.0.0.1 | 73.84 | 38.99 | 112.83 | OK | |
r-devel-linux-x86_64-debian-gcc | 1.0.0.1 | 68.67 | 31.79 | 100.46 | OK | |
r-devel-linux-x86_64-fedora-clang | 1.0.0.1 | 165.52 | OK | |||
r-devel-linux-x86_64-fedora-gcc | 1.0.0.1 | 187.51 | OK | |||
r-devel-windows-x86_64 | 1.0.0.1 | 64.00 | 89.00 | 153.00 | OK | |
r-patched-linux-x86_64 | 1.0.0.1 | 77.85 | 39.50 | 117.35 | OK | |
r-release-linux-x86_64 | 1.0.0.1 | 79.41 | 39.76 | 119.17 | OK | |
r-release-macos-arm64 | 1.0.0.1 | 73.00 | NOTE | |||
r-release-macos-x86_64 | 1.0.0.1 | 165.00 | NOTE | |||
r-release-windows-x86_64 | 1.0.0.1 | 85.00 | 91.00 | 176.00 | OK | |
r-oldrel-macos-arm64 | 1.0.0.1 | 64.00 | NOTE | |||
r-oldrel-windows-x86_64 | 1.0.0.1 | 75.00 | 90.00 | 165.00 | OK |
Version: 1.0.0.1
Check: installed package size
Result: NOTE
installed size is 7.6Mb
sub-directories of 1Mb or more:
libs 7.2Mb
Flavors: r-release-macos-arm64, r-release-macos-x86_64, r-oldrel-macos-arm64