CRAN Package Check Results for Package sovereign

Last updated on 2021-06-21 08:50:06 CEST.

Flavor Version Tinstall Tcheck Ttotal Status Flags
r-devel-linux-x86_64-debian-clang 1.1.0 5.25 185.08 190.33 OK
r-devel-linux-x86_64-debian-gcc 1.1.0 4.15 136.43 140.58 OK
r-devel-linux-x86_64-fedora-clang 1.1.0 219.29 OK
r-devel-linux-x86_64-fedora-gcc 1.1.0 223.51 OK
r-devel-windows-x86_64 1.1.0 9.00 214.00 223.00 OK
r-devel-windows-x86_64-gcc10-UCRT 1.1.0 WARN
r-patched-linux-x86_64 1.1.0 4.78 174.79 179.57 OK
r-patched-solaris-x86 1.1.0 263.00 OK
r-release-linux-x86_64 1.1.0 5.07 172.15 177.22 OK
r-release-macos-arm64 1.1.0 OK
r-release-macos-x86_64 1.1.0 OK
r-release-windows-ix86+x86_64 1.1.0 9.00 213.00 222.00 OK
r-oldrel-macos-x86_64 1.1.0 OK

Check Details

Version: 1.1.0
Check: package dependencies
Result: NOTE
    Packages suggested but not available for checking: 'quantmod', 'covr'
Flavor: r-devel-windows-x86_64-gcc10-UCRT

Version: 1.1.0
Check: re-building of vignette outputs
Result: WARN
    Error(s) in re-building vignettes:
     ...
    --- re-building 'getting_started.Rmd' using rmarkdown
    Quitting from lines 44-46 (getting_started.Rmd)
    Error: processing vignette 'getting_started.Rmd' failed with diagnostics:
    there is no package called 'quantmod'
    --- failed re-building 'getting_started.Rmd'
    
    SUMMARY: processing the following file failed:
     'getting_started.Rmd'
    
    Error: Vignette re-building failed.
    Execution halted
Flavor: r-devel-windows-x86_64-gcc10-UCRT