Last updated on 2024-04-24 07:57:54 CEST.
Flavor | Version | Tinstall | Tcheck | Ttotal | Status | Flags |
---|---|---|---|---|---|---|
r-devel-linux-x86_64-debian-clang | 1.3 | 266.07 | 93.89 | 359.96 | OK | |
r-devel-linux-x86_64-debian-gcc | 1.3 | 199.10 | 68.38 | 267.48 | OK | |
r-devel-linux-x86_64-fedora-clang | 1.3 | 524.79 | OK | |||
r-devel-linux-x86_64-fedora-gcc | 1.3 | 537.69 | OK | |||
r-prerel-macos-arm64 | 1.3 | 102.00 | NOTE | |||
r-prerel-windows-x86_64 | 1.3 | 207.00 | 104.00 | 311.00 | OK | |
r-patched-linux-x86_64 | 1.3 | 244.66 | 89.96 | 334.62 | OK | |
r-release-linux-x86_64 | 1.3 | 245.71 | 90.80 | 336.51 | OK | |
r-release-macos-arm64 | 1.3 | 124.00 | NOTE | |||
r-release-macos-x86_64 | 1.3 | 178.00 | NOTE | |||
r-release-windows-x86_64 | 1.3 | 255.00 | 121.00 | 376.00 | OK | |
r-oldrel-macos-arm64 | 1.3 | 85.00 | NOTE | |||
r-oldrel-windows-x86_64 | 1.3 | 242.00 | 124.00 | 366.00 | OK |
Version: 1.3
Check: installed package size
Result: NOTE
installed size is 13.4Mb
sub-directories of 1Mb or more:
data 3.3Mb
libs 9.5Mb
Flavors: r-prerel-macos-arm64, r-release-macos-arm64, r-release-macos-x86_64, r-oldrel-macos-arm64