CRAN Package Check Results for Package spData

Last updated on 2021-05-14 09:51:09 CEST.

Flavor Version Tinstall Tcheck Ttotal Status Flags
r-devel-linux-x86_64-debian-clang 0.3.8 9.89 94.38 104.27 NOTE
r-devel-linux-x86_64-debian-gcc 0.3.8 8.88 72.78 81.66 NOTE
r-devel-linux-x86_64-fedora-clang 0.3.8 133.93 NOTE
r-devel-linux-x86_64-fedora-gcc 0.3.8 123.38 NOTE
r-devel-windows-ix86+x86_64 0.3.8 22.00 94.00 116.00 NOTE
r-devel-windows-x86_64-gcc10-UCRT 0.3.8 NOTE
r-patched-linux-x86_64 0.3.8 10.54 91.19 101.73 NOTE
r-patched-solaris-x86 0.3.8 182.20 NOTE
r-release-linux-x86_64 0.3.8 10.10 90.59 100.69 NOTE
r-release-macos-x86_64 0.3.8 NOTE
r-release-windows-ix86+x86_64 0.3.8 17.00 126.00 143.00 NOTE
r-oldrel-macos-x86_64 0.3.8 NOTE
r-oldrel-windows-ix86+x86_64 0.3.8 21.00 116.00 137.00 NOTE

Check Details

Version: 0.3.8
Check: package dependencies
Result: NOTE
    Package suggested but not available for checking: 'spDataLarge'
Flavors: r-devel-linux-x86_64-debian-clang, r-devel-linux-x86_64-debian-gcc, r-devel-linux-x86_64-fedora-clang, r-devel-linux-x86_64-fedora-gcc, r-devel-windows-ix86+x86_64, r-devel-windows-x86_64-gcc10-UCRT, r-patched-linux-x86_64, r-patched-solaris-x86, r-release-linux-x86_64, r-release-macos-x86_64, r-release-windows-ix86+x86_64, r-oldrel-macos-x86_64, r-oldrel-windows-ix86+x86_64

Version: 0.3.8
Check: installed package size
Result: NOTE
     installed size is 6.5Mb
     sub-directories of 1Mb or more:
     data 2.6Mb
     shapes 3.2Mb
Flavors: r-devel-linux-x86_64-fedora-clang, r-devel-windows-ix86+x86_64, r-patched-solaris-x86, r-release-macos-x86_64, r-release-windows-ix86+x86_64, r-oldrel-macos-x86_64, r-oldrel-windows-ix86+x86_64

Version: 0.3.8
Check: data for non-ASCII characters
Result: NOTE
     Note: found 56 marked UTF-8 strings
Flavors: r-devel-linux-x86_64-fedora-clang, r-devel-linux-x86_64-fedora-gcc, r-devel-windows-x86_64-gcc10-UCRT, r-patched-solaris-x86, r-release-macos-x86_64, r-oldrel-macos-x86_64