Last updated on 2024-04-19 08:54:56 CEST.
Flavor | Version | Tinstall | Tcheck | Ttotal | Status | Flags |
---|---|---|---|---|---|---|
r-devel-linux-x86_64-debian-clang | 1.1 | 14.52 | 130.87 | 145.39 | OK | |
r-devel-linux-x86_64-debian-gcc | 1.1 | OK | ||||
r-devel-linux-x86_64-fedora-clang | 1.1 | 182.81 | NOTE | |||
r-devel-linux-x86_64-fedora-gcc | 1.1 | 175.28 | NOTE | |||
r-prerel-macos-arm64 | 1.1 | 46.00 | NOTE | |||
r-prerel-windows-x86_64 | 1.1 | 13.00 | 107.00 | 120.00 | NOTE | |
r-patched-linux-x86_64 | 1.1 | 10.30 | 125.38 | 135.68 | OK | |
r-release-linux-x86_64 | 1.1 | 14.03 | 126.63 | 140.66 | OK | |
r-release-macos-arm64 | 1.1 | 59.00 | NOTE | |||
r-release-macos-x86_64 | 1.1 | 92.00 | NOTE | |||
r-release-windows-x86_64 | 1.1 | 19.00 | 133.00 | 152.00 | NOTE | |
r-oldrel-macos-arm64 | 1.1 | 56.00 | NOTE | |||
r-oldrel-windows-x86_64 | 1.1 | 19.00 | 139.00 | 158.00 | NOTE |
Version: 1.1
Check: installed package size
Result: NOTE
installed size is 5.7Mb
sub-directories of 1Mb or more:
data 4.1Mb
help 1.6Mb
Flavors: r-devel-linux-x86_64-fedora-clang, r-prerel-macos-arm64, r-prerel-windows-x86_64, r-release-macos-arm64, r-release-macos-x86_64, r-release-windows-x86_64, r-oldrel-macos-arm64, r-oldrel-windows-x86_64
Version: 1.1
Check: data for non-ASCII characters
Result: NOTE
Note: found 34 marked UTF-8 strings
Flavors: r-devel-linux-x86_64-fedora-clang, r-devel-linux-x86_64-fedora-gcc, r-oldrel-macos-arm64