Last updated on 2023-02-08 07:54:44 CET.
Flavor | Version | Tinstall | Tcheck | Ttotal | Status | Flags |
---|---|---|---|---|---|---|
r-devel-linux-x86_64-debian-clang | 0.1.0 | 71.73 | 61.48 | 133.21 | NOTE | |
r-devel-linux-x86_64-debian-gcc | 0.1.0 | 57.83 | 45.43 | 103.26 | NOTE | |
r-devel-linux-x86_64-fedora-clang | 0.1.0 | 200.86 | NOTE | |||
r-devel-linux-x86_64-fedora-gcc | 0.1.0 | 197.25 | NOTE | |||
r-devel-windows-x86_64 | 0.1.0 | 86.00 | 108.00 | 194.00 | NOTE | |
r-patched-linux-x86_64 | 0.1.0 | 64.29 | 60.18 | 124.47 | OK | |
r-release-linux-x86_64 | 0.1.0 | 62.82 | 60.52 | 123.34 | OK | |
r-release-macos-arm64 | 0.1.0 | 43.00 | OK | |||
r-release-macos-x86_64 | 0.1.0 | 60.00 | OK | |||
r-release-windows-x86_64 | 0.1.0 | 71.00 | 107.00 | 178.00 | OK | |
r-oldrel-macos-arm64 | 0.1.0 | 48.00 | OK | |||
r-oldrel-macos-x86_64 | 0.1.0 | 55.00 | OK | |||
r-oldrel-windows-ix86+x86_64 | 0.1.0 | 187.00 | 129.00 | 316.00 | OK |
Version: 0.1.0
Check: C++ specification
Result: NOTE
Specified C++11: please update to current default of C++17
Flavors: r-devel-linux-x86_64-debian-clang, r-devel-windows-x86_64
Version: 0.1.0
Check: C++ specification
Result: NOTE
Specified C++11: please drop specification unless essential
Flavors: r-devel-linux-x86_64-debian-gcc, r-devel-linux-x86_64-fedora-clang, r-devel-linux-x86_64-fedora-gcc