Last updated on 2021-04-10 08:48:31 CEST.
Flavor | Version | Tinstall | Tcheck | Ttotal | Status | Flags |
---|---|---|---|---|---|---|
r-devel-linux-x86_64-debian-clang | 0.4.0 | 13.69 | 91.63 | 105.32 | NOTE | |
r-devel-linux-x86_64-debian-gcc | 0.4.0 | 12.02 | 70.28 | 82.30 | NOTE | |
r-devel-linux-x86_64-fedora-clang | 0.4.0 | 131.28 | NOTE | |||
r-devel-linux-x86_64-fedora-gcc | 0.4.0 | 121.11 | NOTE | |||
r-devel-windows-ix86+x86_64 | 0.4.0 | 25.00 | 84.00 | 109.00 | NOTE | |
r-devel-windows-x86_64-gcc10-UCRT | 0.4.0 | NOTE | ||||
r-patched-linux-x86_64 | 0.4.0 | 13.21 | 84.83 | 98.04 | OK | |
r-patched-solaris-x86 | 0.4.0 | 200.70 | OK | |||
r-release-linux-x86_64 | 0.4.0 | 13.95 | 85.84 | 99.79 | OK | |
r-release-macos-x86_64 | 0.4.0 | OK | ||||
r-release-windows-ix86+x86_64 | 0.4.0 | 21.00 | 109.00 | 130.00 | OK | |
r-oldrel-macos-x86_64 | 0.4.0 | OK | ||||
r-oldrel-windows-ix86+x86_64 | 0.4.0 | 23.00 | 88.00 | 111.00 | OK |
Version: 0.4.0
Check: LazyData
Result: NOTE
'LazyData' is specified without a 'data' directory
Flavors: r-devel-linux-x86_64-debian-clang, r-devel-linux-x86_64-debian-gcc, r-devel-linux-x86_64-fedora-clang, r-devel-linux-x86_64-fedora-gcc, r-devel-windows-ix86+x86_64, r-devel-windows-x86_64-gcc10-UCRT