CRAN Package Check Results for Package spNNGP

Last updated on 2021-07-25 08:51:12 CEST.

Flavor Version Tinstall Tcheck Ttotal Status Flags
r-devel-linux-x86_64-debian-clang 0.1.5 17.34 44.82 62.16 OK
r-devel-linux-x86_64-debian-gcc 0.1.5 11.01 33.60 44.61 OK
r-devel-linux-x86_64-fedora-clang 0.1.5 94.47 OK
r-devel-linux-x86_64-fedora-gcc 0.1.5 71.78 OK
r-devel-windows-x86_64 0.1.5 21.00 58.00 79.00 OK
r-devel-windows-x86_64-gcc10-UCRT 0.1.5 OK
r-patched-linux-x86_64 0.1.5 14.72 42.25 56.97 OK
r-patched-solaris-x86 0.1.5 113.90 OK
r-release-linux-x86_64 0.1.5 14.06 42.14 56.20 OK
r-release-macos-arm64 0.1.5 OK
r-release-macos-x86_64 0.1.5 OK
r-release-windows-ix86+x86_64 0.1.5 42.00 72.00 114.00 NOTE
r-oldrel-macos-x86_64 0.1.5 OK
r-oldrel-windows-ix86+x86_64 0.1.5 43.00 69.00 112.00 NOTE

Check Details

Version: 0.1.5
Check: installed package size
Result: NOTE
     installed size is 5.4Mb
     sub-directories of 1Mb or more:
     data 3.0Mb
     libs 2.1Mb
Flavors: r-release-windows-ix86+x86_64, r-oldrel-windows-ix86+x86_64