CRAN Package Check Results for Package spNetwork

Last updated on 2021-04-19 09:51:00 CEST.

Flavor Version Tinstall Tcheck Ttotal Status Flags
r-devel-linux-x86_64-debian-clang 0.1.1 52.05 472.05 524.10 NOTE
r-devel-linux-x86_64-debian-gcc 0.1.1 41.45 345.83 387.28 NOTE
r-devel-linux-x86_64-fedora-clang 0.1.1 616.18 NOTE
r-devel-linux-x86_64-fedora-gcc 0.1.1 614.12 NOTE
r-devel-windows-ix86+x86_64 0.1.1 96.00 556.00 652.00 NOTE
r-devel-windows-x86_64-gcc10-UCRT 0.1.1 NOTE
r-patched-linux-x86_64 0.1.1 48.84 449.66 498.50 OK
r-patched-solaris-x86 0.1.1 849.20 NOTE
r-release-linux-x86_64 0.1.1 44.49 453.31 497.80 OK
r-release-macos-x86_64 0.1.1 NOTE
r-release-windows-ix86+x86_64 0.1.1 134.00 747.00 881.00 NOTE
r-oldrel-macos-x86_64 0.1.1 ERROR
r-oldrel-windows-ix86+x86_64 0.1.1 79.00 884.00 963.00 ERROR

Check Details

Version: 0.1.1
Check: LazyData
Result: NOTE
     'LazyData' is specified without a 'data' directory
Flavors: r-devel-linux-x86_64-debian-clang, r-devel-linux-x86_64-debian-gcc, r-devel-linux-x86_64-fedora-clang, r-devel-linux-x86_64-fedora-gcc, r-devel-windows-ix86+x86_64, r-devel-windows-x86_64-gcc10-UCRT

Version: 0.1.1
Check: installed package size
Result: NOTE
     installed size is 9.6Mb
     sub-directories of 1Mb or more:
     extdata 5.6Mb
     libs 2.9Mb
Flavors: r-devel-linux-x86_64-fedora-clang, r-devel-windows-ix86+x86_64, r-patched-solaris-x86, r-release-macos-x86_64, r-release-windows-ix86+x86_64, r-oldrel-macos-x86_64, r-oldrel-windows-ix86+x86_64

Version: 0.1.1
Check: tests
Result: ERROR
     Running ‘testthat.R’ [157s/153s]
    Running the tests in ‘tests/testthat.R’ failed.
    Last 13 lines of output:
     `obs_value` not equal to `real_value`.
     1/1 mismatches
     [1] 0.00192 - 0.00384 == -0.00192
     ── Failure (test_kernels.R:95:3): Testing the discontinuous kernel with a simple case ──
     `obs_value` not equal to `real_value`.
     1/1 mismatches
     [1] Inf - 0.00128 == Inf
     ── Failure (test_kernels.R:144:3): Testing the continuous kernel with a simple case ──
     `obs_value` not equal to `real_value`.
     1/1 mismatches
     [1] 0 - 0.12 == -0.12
    
     [ FAIL 3 | WARN 6 | SKIP 0 | PASS 1 ]
     Error: Test failures
     Execution halted
Flavor: r-oldrel-macos-x86_64

Version: 0.1.1
Check: running tests for arch ‘i386’
Result: ERROR
     Running 'testthat.R' [187s]
    Running the tests in 'tests/testthat.R' failed.
    Complete output:
     > library(testthat)
     > test_check("spNetwork")
     Loading required package: spNetwork
     == Failed tests ================================================================
     -- Failure (test_kernels.R:47:3): Testing the simple kernel with a simple case --
     `obs_value` not equal to `real_value`.
     1/1 mismatches
     [1] 0.00192 - 0.00384 == -0.00192
     -- Failure (test_kernels.R:95:3): Testing the discontinuous kernel with a simple case --
     `obs_value` not equal to `real_value`.
     1/1 mismatches
     [1] Inf - 0.00128 == Inf
     -- Failure (test_kernels.R:144:3): Testing the continuous kernel with a simple case --
     `obs_value` not equal to `real_value`.
     1/1 mismatches
     [1] 0 - 0.12 == -0.12
    
     [ FAIL 3 | WARN 10 | SKIP 0 | PASS 1 ]
     Error: Test failures
     Execution halted
Flavor: r-oldrel-windows-ix86+x86_64

Version: 0.1.1
Check: running tests for arch ‘x64’
Result: ERROR
     Running 'testthat.R' [175s]
    Running the tests in 'tests/testthat.R' failed.
    Complete output:
     > library(testthat)
     > test_check("spNetwork")
     Loading required package: spNetwork
     == Failed tests ================================================================
     -- Failure (test_kernels.R:47:3): Testing the simple kernel with a simple case --
     `obs_value` not equal to `real_value`.
     1/1 mismatches
     [1] 0.00192 - 0.00384 == -0.00192
     -- Failure (test_kernels.R:95:3): Testing the discontinuous kernel with a simple case --
     `obs_value` not equal to `real_value`.
     1/1 mismatches
     [1] Inf - 0.00128 == Inf
     -- Failure (test_kernels.R:144:3): Testing the continuous kernel with a simple case --
     `obs_value` not equal to `real_value`.
     1/1 mismatches
     [1] 0 - 0.12 == -0.12
    
     [ FAIL 3 | WARN 10 | SKIP 0 | PASS 1 ]
     Error: Test failures
     Execution halted
Flavor: r-oldrel-windows-ix86+x86_64