CRAN Package Check Results for Package spRingsteen

Last updated on 2024-04-12 08:56:01 CEST.

Flavor Version Tinstall Tcheck Ttotal Status Flags
r-devel-linux-x86_64-debian-clang 0.1.0 3.72 36.22 39.94 OK
r-devel-linux-x86_64-debian-gcc 0.1.0 3.11 26.94 30.05 OK
r-devel-linux-x86_64-fedora-clang 0.1.0 51.09 NOTE
r-devel-linux-x86_64-fedora-gcc 0.1.0 49.36 NOTE
r-devel-windows-x86_64 0.1.0 5.00 49.00 54.00 OK
r-patched-linux-x86_64 0.1.0 2.97 34.28 37.25 OK
r-release-linux-x86_64 0.1.0 2.61 34.84 37.45 OK
r-release-macos-arm64 0.1.0 22.00 OK
r-release-macos-x86_64 0.1.0 31.00 OK
r-release-windows-x86_64 0.1.0 7.00 56.00 63.00 OK
r-oldrel-macos-arm64 0.1.0 21.00 NOTE
r-oldrel-windows-x86_64 0.1.0 6.00 57.00 63.00 OK

Check Details

Version: 0.1.0
Check: data for non-ASCII characters
Result: NOTE Note: found 199 marked UTF-8 strings Flavors: r-devel-linux-x86_64-fedora-clang, r-devel-linux-x86_64-fedora-gcc, r-oldrel-macos-arm64