Last updated on 2024-04-23 08:58:17 CEST.
Flavor | Version | Tinstall | Tcheck | Ttotal | Status | Flags |
---|---|---|---|---|---|---|
r-devel-linux-x86_64-debian-clang | 0.6.0 | 1.63 | 66.30 | 67.93 | NOTE | |
r-devel-linux-x86_64-debian-gcc | 0.6.0 | 1.63 | 48.82 | 50.45 | NOTE | |
r-devel-linux-x86_64-fedora-clang | 0.6.0 | 89.06 | NOTE | |||
r-devel-linux-x86_64-fedora-gcc | 0.6.0 | 110.08 | NOTE | |||
r-prerel-macos-arm64 | 0.6.0 | 44.00 | NOTE | |||
r-prerel-windows-x86_64 | 0.6.0 | 3.00 | 107.00 | 110.00 | NOTE | |
r-patched-linux-x86_64 | 0.6.0 | 1.68 | 62.86 | 64.54 | NOTE | |
r-release-linux-x86_64 | 0.6.0 | 2.20 | 61.40 | 63.60 | NOTE | |
r-release-macos-arm64 | 0.6.0 | 44.00 | NOTE | |||
r-release-macos-x86_64 | 0.6.0 | 70.00 | NOTE | |||
r-release-windows-x86_64 | 0.6.0 | 3.00 | 110.00 | 113.00 | NOTE | |
r-oldrel-macos-arm64 | 0.6.0 | 42.00 | NOTE | |||
r-oldrel-windows-x86_64 | 0.6.0 | 4.00 | 109.00 | 113.00 | NOTE |
Version: 0.6.0
Check: LazyData
Result: NOTE
'LazyData' is specified without a 'data' directory
Flavors: r-devel-linux-x86_64-debian-clang, r-devel-linux-x86_64-debian-gcc, r-devel-linux-x86_64-fedora-clang, r-devel-linux-x86_64-fedora-gcc, r-prerel-macos-arm64, r-prerel-windows-x86_64, r-patched-linux-x86_64, r-release-linux-x86_64, r-release-macos-arm64, r-release-macos-x86_64, r-release-windows-x86_64, r-oldrel-macos-arm64, r-oldrel-windows-x86_64
Version: 0.6.0
Check: dependencies in R code
Result: NOTE
Namespace in Imports field not imported from: ‘utils’
All declared Imports should be used.
Flavors: r-devel-linux-x86_64-fedora-clang, r-devel-linux-x86_64-fedora-gcc