Last updated on 2024-03-12 07:50:08 CET.
Flavor | Version | Tinstall | Tcheck | Ttotal | Status | Flags |
---|---|---|---|---|---|---|
r-devel-linux-x86_64-debian-clang | 2.10-0 | 62.72 | 169.09 | 231.81 | WARN | |
r-devel-linux-x86_64-debian-gcc | 2.10-0 | 37.41 | 129.57 | 166.98 | OK | |
r-devel-linux-x86_64-fedora-clang | 2.10-0 | 294.53 | OK | |||
r-devel-linux-x86_64-fedora-gcc | 2.10-0 | 296.75 | OK | |||
r-devel-windows-x86_64 | 2.10-0 | 50.00 | 184.00 | 234.00 | OK | |
r-patched-linux-x86_64 | 2.10-0 | 59.33 | 170.10 | 229.43 | OK | |
r-release-linux-x86_64 | 2.10-0 | 55.97 | 167.94 | 223.91 | OK | |
r-release-macos-arm64 | 2.10-0 | 100.00 | OK | |||
r-release-macos-x86_64 | 2.10-0 | 223.00 | OK | |||
r-release-windows-x86_64 | 2.10-0 | 62.00 | 207.00 | 269.00 | OK | |
r-oldrel-macos-arm64 | 2.10-0 | 89.00 | OK | |||
r-oldrel-windows-x86_64 | 2.10-0 | 62.00 | 211.00 | 273.00 | OK |
Version: 2.10-0
Check: whether package can be installed
Result: WARN
Found the following significant warnings:
flang-new: warning: argument unused during compilation: '-Wall' [-Wunused-command-line-argument]
See ‘/home/hornik/tmp/R.check/r-devel-clang/Work/PKGS/spam.Rcheck/00install.out’ for details.
* used C compiler: ‘Debian clang version 18.1.0 (rc4-1)’
* used Fortran compiler: ‘Debian flang-new version 18.1.0 (rc4-1)’
* used C++ compiler: ‘Debian clang version 18.1.0 (rc4-1)’
Flavor: r-devel-linux-x86_64-debian-clang